{"id":7549,"date":"2024-08-20T00:15:51","date_gmt":"2024-08-20T06:15:51","guid":{"rendered":"https:\/\/www.vamexico.com\/jb2\/?page_id=7549"},"modified":"2024-09-13T12:45:52","modified_gmt":"2024-09-13T18:45:52","slug":"cuadernillos","status":"publish","type":"page","link":"https:\/\/www.vamexico.com\/jb2\/cuadernillos\/","title":{"rendered":"Cuadernillos"},"content":{"rendered":"<p>[vc_row full_width=&#8221;stretch_row&#8221; gap=&#8221;30&#8243; content_placement=&#8221;middle&#8221; m_bottom=&#8221;0&#8243; css=&#8221;.vc_custom_1724196087039{padding-top: 80px !important;padding-bottom: 60px !important;background-image: url(https:\/\/www.vamexico.com\/jb2\/wp-content\/uploads\/2024\/08\/pattern_02.webp?id=7797) !important;}&#8221;]\n\t<div class=\"vc_col-sm-12 wpb_column vc_column_container \"  data-wow-delay=\"0ms\" data-wow-iteration=\"1\" >\n\t\t<div class=\"wpb_wrapper\">\n\t\t\t[vc_row_inner gap=&#8221;35&#8243; css=&#8221;.vc_custom_1723669243604{margin-bottom: 40px !important;padding-top: 0px !important;padding-right: 40px !important;padding-bottom: 10px !important;padding-left: 40px !important;}&#8221;]\n\t<div class=\"vc_col-sm-3 wpb_column vc_column_container \"  data-wow-delay=\"0ms\">\n\t\t<div class=\"wpb_wrapper\">\n\t\t\t[ivan_button link=&#8221;https:\/\/www.vamexico.com\/jb2\/libros\/&#8221; size=&#8221;x-large&#8221; border_r=&#8221;square&#8221; display=&#8221;btn-block&#8221; align=&#8221;to-center&#8221; animation_iteration=&#8221;1&#8243; c_id=&#8221;.vc_1724196537820&#8243; btn_css=&#8221;color:#000000;width:100%;color-hover:#ffffff;background-color:#ffffff;background-color-hover:#809b2b;border-top-left-radius:0px;border-top-right-radius:0px;border-bottom-left-radius:0px;border-bottom-right-radius:0px;border-top-width:0px;border-bottom-width:0px;border-left-width:0px;border-right-width:0px;&#8221; el_class=&#8221;sombra-fichas&#8221;]LIBROS DEL JARD\u00cdN BOT\u00c1NICO[\/ivan_button]\n\t\t<\/div> <!-- END .wpb_wrapper -->\n\t<\/div> <!-- END  wpb_column vc_column_container  -->\n\n\t<div class=\"vc_col-sm-3 wpb_column vc_column_container \"  data-wow-delay=\"0ms\">\n\t\t<div class=\"wpb_wrapper\">\n\t\t\t[ivan_button link=&#8221;https:\/\/www.vamexico.com\/jb2\/cuadernillos\/&#8221; size=&#8221;x-large&#8221; border_r=&#8221;square&#8221; display=&#8221;btn-block&#8221; align=&#8221;to-center&#8221; animation=&#8221;fadeInUp&#8221; animation_iteration=&#8221;1&#8243; c_id=&#8221;.vc_1724196545870&#8243; btn_css=&#8221;width:100%;color-hover:#ffffff;background-color:#80952b;background-color-hover:#4e681c;border-top-left-radius:0px;border-top-right-radius:0px;border-bottom-left-radius:0px;border-bottom-right-radius:0px;border-top-width:0px;border-bottom-width:0px;border-left-width:0px;border-right-width:0px;&#8221; el_class=&#8221;sombra-fichas&#8221;]CUADERNILLOS DEL JBRC[\/ivan_button]\n\t\t<\/div> <!-- END .wpb_wrapper -->\n\t<\/div> <!-- END  wpb_column vc_column_container  -->\n\n\t<div class=\"vc_col-sm-3 wpb_column vc_column_container \"  data-wow-delay=\"0ms\">\n\t\t<div class=\"wpb_wrapper\">\n\t\t\t[ivan_button link=&#8221;https:\/\/www.vamexico.com\/jb2\/articulos-de-divulgacion\/&#8221; size=&#8221;x-large&#8221; border_r=&#8221;square&#8221; display=&#8221;btn-block&#8221; align=&#8221;to-center&#8221; animation_iteration=&#8221;1&#8243; c_id=&#8221;.vc_1724196554040&#8243; btn_css=&#8221;color:#000000;width:100%;color-hover:#ffffff;background-color:#ffffff;background-color-hover:#809b2b;border-top-left-radius:0px;border-top-right-radius:0px;border-bottom-left-radius:0px;border-bottom-right-radius:0px;border-top-width:0px;border-bottom-width:0px;border-left-width:0px;border-right-width:0px;&#8221; el_class=&#8221;sombra-fichas&#8221;]ART\u00cdCULOS DE DIVULGACI\u00d3N[\/ivan_button]\n\t\t<\/div> <!-- END .wpb_wrapper -->\n\t<\/div> <!-- END  wpb_column vc_column_container  -->\n\n\t<div class=\"vc_col-sm-3 wpb_column vc_column_container \"  data-wow-delay=\"0ms\">\n\t\t<div class=\"wpb_wrapper\">\n\t\t\t[ivan_button link=&#8221;https:\/\/www.vamexico.com\/jb2\/tesis-en-el-jardin-botanico\/&#8221; size=&#8221;x-large&#8221; border_r=&#8221;square&#8221; display=&#8221;btn-block&#8221; align=&#8221;to-center&#8221; animation_iteration=&#8221;1&#8243; c_id=&#8221;.vc_1724196560090&#8243; btn_css=&#8221;color:#000000;width:100%;color-hover:#ffffff;background-color:#ffffff;background-color-hover:#809b2b;border-top-left-radius:0px;border-top-right-radius:0px;border-bottom-left-radius:0px;border-bottom-right-radius:0px;border-top-width:0px;border-bottom-width:0px;border-left-width:0px;border-right-width:0px;&#8221; el_class=&#8221;sombra-fichas&#8221;]TESIS EN EL JARD\u00cdN BOT\u00c1NICO[\/ivan_button]\n\t\t<\/div> <!-- END .wpb_wrapper -->\n\t<\/div> <!-- END  wpb_column vc_column_container  -->\n[\/vc_row_inner][vc_row_inner css=&#8221;.vc_custom_1723664700082{margin-bottom: 40px !important;padding-top: 40px !important;padding-right: 40px !important;padding-bottom: 10px !important;padding-left: 40px !important;background-color: #ffffff !important;}&#8221; el_class=&#8221;sombra-fichas&#8221;]\n\t<div class=\"vc_col-sm-8 wpb_column vc_column_container \"  data-wow-delay=\"0ms\">\n\t\t<div class=\"wpb_wrapper\">\n\t\t\t[vc_column_text]<iframe style=\"border: none; width: 500px; height: 400px;\" src=\"https:\/\/e.issuu.com\/embed.html?backgroundColor=%23d8d8d8&amp;d=cuadernillo_1_ausencia_de_flora&amp;hideIssuuLogo=true&amp;u=jbotanico-concyteq\" sandbox=\"allow-top-navigation allow-top-navigation-by-user-activation allow-downloads allow-scripts allow-same-origin allow-popups allow-modals allow-popups-to-escape-sandbox allow-forms\" allowfullscreen=\"allowfullscreen\"><\/iframe><br \/>\n[\/vc_column_text]\n\t\t<\/div> <!-- END .wpb_wrapper -->\n\t<\/div> <!-- END  wpb_column vc_column_container  -->\n\n\t<div class=\"vc_col-sm-4 wpb_column vc_column_container \"  data-wow-delay=\"0ms\">\n\t\t<div class=\"wpb_wrapper\">\n\t\t\t[ivan_title title_tag=&#8221;h3&#8243; align=&#8221;left&#8221; animation=&#8221;fadeInUp&#8221; animation_iteration=&#8221;1&#8243; c_id=&#8221;.vc_1724134748711&#8243; title_css=&#8221;color:#809b2b;margin-bottom:0px;padding-bottom:0px;&#8221;]AUSENCIA DE FLORA[\/ivan_title][vc_column_text css_animation=&#8221;fadeInUp&#8221; c_id=&#8221;.vc_1491415416578&#8243; css=&#8221;.vc_custom_1726253149776{margin-top: 20px !important;}&#8221;]<\/p>\n<p style=\"font-size: 18px; color: #808080; font-weight: 400; line-height: 18px;\"><strong>Ideas para alinear el pensamiento con la naturaleza | Ausencia de flora<\/strong><\/p>\n<p>[\/vc_column_text][vc_column_text css_animation=&#8221;fadeInUp&#8221; c_id=&#8221;.vc_1491415416578&#8243;]<\/p>\n<p style=\"font-size: 16px; color: #808080; font-weight: 400; line-height: 18px;\"><em>Emiliano S\u00e1nchez Mart\u00ednez<\/em><br \/>\n<em>Ruth J. Ch\u00e1vez Mart\u00ednez<\/em><br \/>\n<em>Mar\u00eda Magdalena Hern\u00e1ndez Mart\u00ednez<\/em><br \/>\n<em>Jos\u00e9 G. Hern\u00e1ndez Oria.<\/em><\/p>\n<p>[\/vc_column_text][vc_column_text css_animation=&#8221;fadeInUp&#8221; c_id=&#8221;.vc_1491415416578&#8243;]<\/p>\n<p style=\"font-size: 16px; color: #808080; font-weight: 400; line-height: 18px;\">Los cuadernillos del Jard\u00edn Bot\u00e1nico tienen como objetivo acercar a la gente con sus plantas nativas. Esta edici\u00f3n constituye un apoyo adicional para el Proyecto FOMIX \u201cPropagaci\u00f3n de especies clave para la forestaci\u00f3n, reforestaci\u00f3n y la restauraci\u00f3n en el municipio de Quer\u00e9taro y su \u00e1rea de influencia\u201d (Clave QRO-2006-C01-54300) y para sus usuarios: el Fideicomiso Queretano para la Conservaci\u00f3n del Medio Ambiente (FIQMA) y la ciudadan\u00eda queretana toda. La impresi\u00f3n se hizo con recursos independientes.<\/p>\n<p>[\/vc_column_text]\n\t\t<\/div> <!-- END .wpb_wrapper -->\n\t<\/div> <!-- END  wpb_column vc_column_container  -->\n[\/vc_row_inner][vc_row_inner css=&#8221;.vc_custom_1723664716302{margin-bottom: 40px !important;padding-top: 40px !important;padding-right: 40px !important;padding-bottom: 10px !important;padding-left: 40px !important;background-color: #ffffff !important;}&#8221; el_class=&#8221;sombra-fichas&#8221;]\n\t<div class=\"vc_col-sm-8 wpb_column vc_column_container \"  data-wow-delay=\"0ms\">\n\t\t<div class=\"wpb_wrapper\">\n\t\t\t[vc_column_text]<iframe style=\"border: none; width: 550px; height: 400px;\" src=\"https:\/\/e.issuu.com\/embed.html?backgroundColor=%23d8d8d8&amp;d=cuadernillo_2_lo_que_no_sabi_as_acerca_del_paixtle&amp;hideIssuuLogo=true&amp;u=jbotanico-concyteq\" sandbox=\"allow-top-navigation allow-top-navigation-by-user-activation allow-downloads allow-scripts allow-same-origin allow-popups allow-modals allow-popups-to-escape-sandbox allow-forms\" allowfullscreen=\"allowfullscreen\"><\/iframe><br \/>\n[\/vc_column_text]\n\t\t<\/div> <!-- END .wpb_wrapper -->\n\t<\/div> <!-- END  wpb_column vc_column_container  -->\n\n\t<div class=\"vc_col-sm-4 wpb_column vc_column_container \"  data-wow-delay=\"0ms\">\n\t\t<div class=\"wpb_wrapper\">\n\t\t\t[ivan_title title_tag=&#8221;h3&#8243; align=&#8221;left&#8221; animation=&#8221;fadeInUp&#8221; animation_iteration=&#8221;1&#8243; c_id=&#8221;.vc_1724134970983&#8243; title_css=&#8221;color:#809b2b;margin-bottom:0px;padding-bottom:0px;&#8221;]LO QUE NO SAB\u00cdAS ACERCA DEL PAIXTLE[\/ivan_title][vc_column_text css_animation=&#8221;fadeInUp&#8221; c_id=&#8221;.vc_1491415416578&#8243; css=&#8221;.vc_custom_1726253033231{margin-top: 20px !important;}&#8221;]<\/p>\n<p style=\"font-size: 18px; color: #808080; font-weight: 400; line-height: 18px;\"><em><strong>Tillandsia recurvata<\/strong><\/em><\/p>\n<p>[\/vc_column_text][vc_column_text css_animation=&#8221;fadeInUp&#8221; c_id=&#8221;.vc_1491415416578&#8243;]<\/p>\n<p style=\"font-size: 16px; color: #808080; font-weight: 400; line-height: 18px;\"><em>Hailen Ugalde de la Cruz<\/em><br \/>\n<em>Emiliano S\u00e1nchez Mart\u00ednez<\/em><br \/>\n<em>Beatriz Maruri Aguilar<\/em><\/p>\n<p>[\/vc_column_text][vc_column_text css_animation=&#8221;fadeInUp&#8221; c_id=&#8221;.vc_1491415416578&#8243;]<\/p>\n<p style=\"font-size: 16px; color: #808080; font-weight: 400; line-height: 18px;\">Los cuadernillos del Jard\u00edn Bot\u00e1nico tienen como objetivo acercar a la gente con sus plantas nativas. Esta edici\u00f3n constituye un apoyo adicional para el Proyecto FOMIX \u201cPropagaci\u00f3n de especies clave para la forestaci\u00f3n, reforestaci\u00f3n y la restauraci\u00f3n en el municipio de Quer\u00e9taro y su \u00e1rea de influencia\u201d (Clave QRO-2006-C01-54300) y para sus usuarios: el Fideicomiso Queretano para la Conservaci\u00f3n del Medio Ambiente (FIQMA) y la ciudadan\u00eda queretana toda.<\/p>\n<p>[\/vc_column_text]\n\t\t<\/div> <!-- END .wpb_wrapper -->\n\t<\/div> <!-- END  wpb_column vc_column_container  -->\n[\/vc_row_inner][vc_row_inner css=&#8221;.vc_custom_1723664716302{margin-bottom: 40px !important;padding-top: 40px !important;padding-right: 40px !important;padding-bottom: 10px !important;padding-left: 40px !important;background-color: #ffffff !important;}&#8221; el_class=&#8221;sombra-fichas&#8221;]\n\t<div class=\"vc_col-sm-8 wpb_column vc_column_container \"  data-wow-delay=\"0ms\">\n\t\t<div class=\"wpb_wrapper\">\n\t\t\t[vc_column_text]<iframe style=\"border: none; width: 550px; height: 400px;\" src=\"https:\/\/e.issuu.com\/embed.html?backgroundColor=%23d8d8d8&amp;d=cuadernillo_3_voces_y_tornavoces_en_relacio_n_a_la_&amp;hideIssuuLogo=true&amp;u=jbotanico-concyteq\" sandbox=\"allow-top-navigation allow-top-navigation-by-user-activation allow-downloads allow-scripts allow-same-origin allow-popups allow-modals allow-popups-to-escape-sandbox allow-forms\" allowfullscreen=\"allowfullscreen\"><\/iframe><br \/>\n[\/vc_column_text]\n\t\t<\/div> <!-- END .wpb_wrapper -->\n\t<\/div> <!-- END  wpb_column vc_column_container  -->\n\n\t<div class=\"vc_col-sm-4 wpb_column vc_column_container \"  data-wow-delay=\"0ms\">\n\t\t<div class=\"wpb_wrapper\">\n\t\t\t[ivan_title title_tag=&#8221;h3&#8243; align=&#8221;left&#8221; animation=&#8221;fadeInUp&#8221; animation_iteration=&#8221;1&#8243; c_id=&#8221;.vc_1724135033944&#8243; title_css=&#8221;color:#809b2b;margin-bottom:0px;padding-bottom:0px;&#8221;]VOCES Y TORNAVOCES[\/ivan_title][vc_column_text css_animation=&#8221;fadeInUp&#8221; c_id=&#8221;.vc_1491415416578&#8243; css=&#8221;.vc_custom_1726251586141{margin-top: 20px !important;}&#8221;]<\/p>\n<p style=\"font-size: 18px; color: #808080; font-weight: 400; line-height: 18px;\"><strong>En relaci\u00f3n a la conservaci\u00f3n de las Cact\u00e1ceas de M\u00e9xico: una experiencia de 25 a\u00f1os en el estado de Quer\u00e9taro.<\/strong><\/p>\n<p>[\/vc_column_text][vc_column_text css_animation=&#8221;fadeInUp&#8221; c_id=&#8221;.vc_1491415416578&#8243;]<\/p>\n<p style=\"font-size: 16px; color: #808080; font-weight: 400; line-height: 18px;\"><em>Emiliano S\u00e1nchez Mart\u00ednez<\/em><\/p>\n<p>[\/vc_column_text][vc_column_text css_animation=&#8221;fadeInUp&#8221; c_id=&#8221;.vc_1491415416578&#8243;]<\/p>\n<p style=\"font-size: 16px; color: #808080; font-weight: 400; line-height: 18px;\">El estado de Quer\u00e9taro est\u00e1 localizado entre los paralelos 20\u00ba 01\u2019 02\u201dy 21\u00ba 37\u2019 17\u201d de latitud norte y los meridianos 99\u00ba 03\u2019 23 100\u00ba 34\u201901\u201d de longitud oeste, tiene una extensi\u00f3n de 11,699 km, por lo que es el sexto estado m\u00e1s peque\u00f1o de la Rep\u00fablica Mexicana, con el 0.6% de la superficie del pa\u00eds (Inegi, 2012). Su flora, a\u00fan incompleta, se estima deber\u00e1 superar a las 4,000 especies de Tracheophyta, esto es aproximadamente el 20% de la riqueza total estimada para nuestra patria (Rzedowski et al, 2012).<\/p>\n<p>[\/vc_column_text]\n\t\t<\/div> <!-- END .wpb_wrapper -->\n\t<\/div> <!-- END  wpb_column vc_column_container  -->\n[\/vc_row_inner][vc_row_inner css=&#8221;.vc_custom_1723664716302{margin-bottom: 40px !important;padding-top: 40px !important;padding-right: 40px !important;padding-bottom: 10px !important;padding-left: 40px !important;background-color: #ffffff !important;}&#8221; el_class=&#8221;sombra-fichas&#8221;]\n\t<div class=\"vc_col-sm-8 wpb_column vc_column_container \"  data-wow-delay=\"0ms\">\n\t\t<div class=\"wpb_wrapper\">\n\t\t\t[vc_column_text]<iframe style=\"border: none; width: 550px; height: 400px;\" src=\"https:\/\/e.issuu.com\/embed.html?backgroundColor=%23d8d8d8&amp;d=cuadernillo_4_gui_a_visual_del_jbrc&amp;hideIssuuLogo=true&amp;u=jbotanico-concyteq\" sandbox=\"allow-top-navigation allow-top-navigation-by-user-activation allow-downloads allow-scripts allow-same-origin allow-popups allow-modals allow-popups-to-escape-sandbox allow-forms\" allowfullscreen=\"allowfullscreen\"><\/iframe><br \/>\n[\/vc_column_text]\n\t\t<\/div> <!-- END .wpb_wrapper -->\n\t<\/div> <!-- END  wpb_column vc_column_container  -->\n\n\t<div class=\"vc_col-sm-4 wpb_column vc_column_container \"  data-wow-delay=\"0ms\">\n\t\t<div class=\"wpb_wrapper\">\n\t\t\t[ivan_title title_tag=&#8221;h3&#8243; align=&#8221;left&#8221; animation=&#8221;fadeInUp&#8221; animation_iteration=&#8221;1&#8243; c_id=&#8221;.vc_1724135108264&#8243; title_css=&#8221;color:#809b2b;margin-bottom:0px;padding-bottom:0px;&#8221;]GU\u00cdA VISUAL DEL JBRC[\/ivan_title][vc_column_text css_animation=&#8221;fadeInUp&#8221; c_id=&#8221;.vc_1491415416578&#8243; css=&#8221;.vc_custom_1726251636669{margin-top: 20px !important;}&#8221;]<\/p>\n<p style=\"font-size: 18px; color: #808080; font-weight: 400; line-height: 18px;\"><strong>\u201cEl Jard\u00edn Bot\u00e1nico Regional de Cadereyta: Un espacio visual y contextual para la flora de Quer\u00e9taro\u201d<\/strong><\/p>\n<p>[\/vc_column_text][vc_column_text css_animation=&#8221;fadeInUp&#8221; c_id=&#8221;.vc_1491415416578&#8243;]<\/p>\n<p style=\"font-size: 16px; color: #808080; font-weight: 400; line-height: 18px;\"><em>Emiliano S\u00e1nchez Mart\u00ednez<\/em><\/p>\n<p>[\/vc_column_text][vc_column_text css_animation=&#8221;fadeInUp&#8221; c_id=&#8221;.vc_1491415416578&#8243;]<\/p>\n<p style=\"font-size: 16px; color: #808080; font-weight: 400; line-height: 18px;\">El Jard\u00edn Bot\u00e1nico Regional de Cadereyta \u201cIng. Manuel Gonz\u00e1lez de Cos\u00edo\u201d es un sitio natural para la conservaci\u00f3n vegetal. Forma parte del Consejo de Ciencia y Tecnolog\u00eda del Estado de Quer\u00e9taro (CONCYTEQ), organismo que depende de la Secretar\u00eda de Educaci\u00f3n del Gobierno del Estado de Quer\u00e9taro. Su funci\u00f3n m\u00e1s importante es unir a las plantas con la gente.<\/p>\n<p>[\/vc_column_text]\n\t\t<\/div> <!-- END .wpb_wrapper -->\n\t<\/div> <!-- END  wpb_column vc_column_container  -->\n[\/vc_row_inner][vc_row_inner css=&#8221;.vc_custom_1723664716302{margin-bottom: 40px !important;padding-top: 40px !important;padding-right: 40px !important;padding-bottom: 10px !important;padding-left: 40px !important;background-color: #ffffff !important;}&#8221; el_class=&#8221;sombra-fichas&#8221;]\n\t<div class=\"vc_col-sm-8 wpb_column vc_column_container \"  data-wow-delay=\"0ms\">\n\t\t<div class=\"wpb_wrapper\">\n\t\t\t[vc_column_text]<iframe style=\"border: none; width: 550px; height: 400px;\" src=\"https:\/\/e.issuu.com\/embed.html?backgroundColor=%23d8d8d8&amp;d=cuadernillo_5_a_rboles_nativos_del_estado_de_quere_t&amp;hideIssuuLogo=true&amp;u=jbotanico-concyteq\" sandbox=\"allow-top-navigation allow-top-navigation-by-user-activation allow-downloads allow-scripts allow-same-origin allow-popups allow-modals allow-popups-to-escape-sandbox allow-forms\" allowfullscreen=\"allowfullscreen\"><\/iframe><br \/>\n[\/vc_column_text]\n\t\t<\/div> <!-- END .wpb_wrapper -->\n\t<\/div> <!-- END  wpb_column vc_column_container  -->\n\n\t<div class=\"vc_col-sm-4 wpb_column vc_column_container \"  data-wow-delay=\"0ms\">\n\t\t<div class=\"wpb_wrapper\">\n\t\t\t[ivan_title title_tag=&#8221;h3&#8243; align=&#8221;left&#8221; animation=&#8221;fadeInUp&#8221; animation_iteration=&#8221;1&#8243; c_id=&#8221;.vc_1724135167935&#8243; title_css=&#8221;color:#809b2b;margin-bottom:0px;padding-bottom:0px;&#8221;]\u00c1RBOLES NATIVOS[\/ivan_title][vc_column_text css_animation=&#8221;fadeInUp&#8221; c_id=&#8221;.vc_1491415416578&#8243; css=&#8221;.vc_custom_1726253090366{margin-top: 20px !important;}&#8221;]<\/p>\n<p style=\"font-size: 18px; color: #808080; font-weight: 400; line-height: 18px;\"><strong>Del Estado de Quer\u00e9taro con potencial ornamental: Cat\u00e1logo b\u00e1sico y formas de propagaci\u00f3n<\/strong><\/p>\n<p>[\/vc_column_text][vc_column_text css_animation=&#8221;fadeInUp&#8221; c_id=&#8221;.vc_1491415416578&#8243;]<\/p>\n<p style=\"font-size: 16px; color: #808080; font-weight: 400; line-height: 18px;\"><em>Emiliano S\u00e1nchez Mart\u00ednez<\/em><br \/>\n<em>Mar\u00eda Magdalena Hern\u00e1ndez Mart\u00ednez<\/em><br \/>\n<em>Beatriz Maruri Aguilar<\/em><\/p>\n<p>[\/vc_column_text][vc_column_text css_animation=&#8221;fadeInUp&#8221; c_id=&#8221;.vc_1491415416578&#8243;]<\/p>\n<p style=\"font-size: 16px; color: #808080; font-weight: 400; line-height: 18px;\">Procrastinar es el acto de aplazar o diferir indefinidamente alguna acci\u00f3n o actividad. En el caso de lo relacionado con los recursos naturales del estado de Quer\u00e9taro, es un acto de fatales consecuencias. La entidad es una de las m\u00e1s peque\u00f1as de la Rep\u00fablica Mexicana, ya que sus 11,699 km representan escasamente el 0.6% del territorio nacional.<\/p>\n<p>[\/vc_column_text]\n\t\t<\/div> <!-- END .wpb_wrapper -->\n\t<\/div> <!-- END  wpb_column vc_column_container  -->\n[\/vc_row_inner][vc_row_inner css=&#8221;.vc_custom_1723664716302{margin-bottom: 40px !important;padding-top: 40px !important;padding-right: 40px !important;padding-bottom: 10px !important;padding-left: 40px !important;background-color: #ffffff !important;}&#8221; el_class=&#8221;sombra-fichas&#8221;]\n\t<div class=\"vc_col-sm-8 wpb_column vc_column_container \"  data-wow-delay=\"0ms\">\n\t\t<div class=\"wpb_wrapper\">\n\t\t\t[vc_column_text]<iframe style=\"border: none; width: 550px; height: 400px;\" src=\"https:\/\/e.issuu.com\/embed.html?backgroundColor=%23d8d8d8&amp;d=cuadernillo_6_bota_nica_estrate_gica&amp;hideIssuuLogo=true&amp;u=jbotanico-concyteq\" sandbox=\"allow-top-navigation allow-top-navigation-by-user-activation allow-downloads allow-scripts allow-same-origin allow-popups allow-modals allow-popups-to-escape-sandbox allow-forms\" allowfullscreen=\"allowfullscreen\"><\/iframe>[\/vc_column_text]\n\t\t<\/div> <!-- END .wpb_wrapper -->\n\t<\/div> <!-- END  wpb_column vc_column_container  -->\n\n\t<div class=\"vc_col-sm-4 wpb_column vc_column_container \"  data-wow-delay=\"0ms\">\n\t\t<div class=\"wpb_wrapper\">\n\t\t\t[ivan_title title_tag=&#8221;h3&#8243; align=&#8221;left&#8221; animation=&#8221;fadeInUp&#8221; animation_iteration=&#8221;1&#8243; c_id=&#8221;.vc_1724135221736&#8243; title_css=&#8221;color:#809b2b;margin-bottom:0px;padding-bottom:0px;&#8221;]BOT\u00c1NICA ESTRAT\u00c9GICA[\/ivan_title][vc_column_text css_animation=&#8221;fadeInUp&#8221; c_id=&#8221;.vc_1491415416578&#8243; css=&#8221;.vc_custom_1726253129878{margin-top: 20px !important;}&#8221;]<\/p>\n<p style=\"font-size: 18px; color: #808080; font-weight: 400; line-height: 18px;\"><strong>Ideas para alinear el pensamiento con la naturaleza<\/strong><\/p>\n<p>[\/vc_column_text][vc_column_text css_animation=&#8221;fadeInUp&#8221; c_id=&#8221;.vc_1491415416578&#8243;]<\/p>\n<p style=\"font-size: 16px; color: #808080; font-weight: 400; line-height: 18px;\"><em>Emiliano S\u00e1nchez Mart\u00ednez<\/em><\/p>\n<p>[\/vc_column_text][vc_column_text css_animation=&#8221;fadeInUp&#8221; c_id=&#8221;.vc_1491415416578&#8243;]<\/p>\n<p style=\"font-size: 16px; color: #808080; font-weight: 400; line-height: 18px;\">Textos originalmente publicados en el Bolet\u00edn de la Sociedad Bot\u00e1nica de M\u00e9xico, \u201cMacpalx\u00f3chitl\u201d. El autor agradece la cuidadosa revisi\u00f3n que la Bi\u00f3l. Beatriz Maruri Aguilar provey\u00f3 a este material como editora (2018-2020) de ese bolet\u00edn.<\/p>\n<p>[\/vc_column_text]\n\t\t<\/div> <!-- END .wpb_wrapper -->\n\t<\/div> <!-- END  wpb_column vc_column_container  -->\n[\/vc_row_inner]\n\t\t<\/div> <!-- END .wpb_wrapper -->\n\t<\/div> <!-- END  wpb_column vc_column_container  -->\n[\/vc_row]<\/p>\n","protected":false},"excerpt":{"rendered":"<p>[vc_row full_width=&#8221;stretch_row&#8221; gap=&#8221;30&#8243; content_placement=&#8221;middle&#8221; m_bottom=&#8221;0&#8243; css=&#8221;.vc_custom_1724196087039{padding-top: 80px !important;padding-bottom: 60px !important;background-image: url(https:\/\/www.vamexico.com\/jb2\/wp-content\/uploads\/2024\/08\/pattern_02.webp?id=7797) !important;}&#8221;][\/vc_row]<\/p>\n","protected":false},"author":1,"featured_media":0,"parent":0,"menu_order":0,"comment_status":"closed","ping_status":"closed","template":"","meta":{"_joinchat":[],"footnotes":""},"class_list":["post-7549","page","type-page","status-publish","hentry"],"_links":{"self":[{"href":"https:\/\/www.vamexico.com\/jb2\/wp-json\/wp\/v2\/pages\/7549","targetHints":{"allow":["GET"]}}],"collection":[{"href":"https:\/\/www.vamexico.com\/jb2\/wp-json\/wp\/v2\/pages"}],"about":[{"href":"https:\/\/www.vamexico.com\/jb2\/wp-json\/wp\/v2\/types\/page"}],"author":[{"embeddable":true,"href":"https:\/\/www.vamexico.com\/jb2\/wp-json\/wp\/v2\/users\/1"}],"replies":[{"embeddable":true,"href":"https:\/\/www.vamexico.com\/jb2\/wp-json\/wp\/v2\/comments?post=7549"}],"version-history":[{"count":10,"href":"https:\/\/www.vamexico.com\/jb2\/wp-json\/wp\/v2\/pages\/7549\/revisions"}],"predecessor-version":[{"id":9324,"href":"https:\/\/www.vamexico.com\/jb2\/wp-json\/wp\/v2\/pages\/7549\/revisions\/9324"}],"wp:attachment":[{"href":"https:\/\/www.vamexico.com\/jb2\/wp-json\/wp\/v2\/media?parent=7549"}],"curies":[{"name":"wp","href":"https:\/\/api.w.org\/{rel}","templated":true}]}}