{"id":7799,"date":"2024-08-20T13:19:48","date_gmt":"2024-08-20T19:19:48","guid":{"rendered":"https:\/\/www.vamexico.com\/jb2\/?page_id=7799"},"modified":"2024-09-24T17:36:18","modified_gmt":"2024-09-24T23:36:18","slug":"teoria-del-jbrc","status":"publish","type":"page","link":"https:\/\/www.vamexico.com\/jb2\/teoria-del-jbrc\/","title":{"rendered":"Teor\u00eda Operativa del JBRC"},"content":{"rendered":"<p>[vc_row full_width=&#8221;stretch_row&#8221; gap=&#8221;30&#8243; content_placement=&#8221;middle&#8221; m_bottom=&#8221;0&#8243; css=&#8221;.vc_custom_1724183495442{margin-bottom: 0px !important;padding-top: 30px !important;padding-bottom: 0px !important;background-color: #809b2b !important;}&#8221;]\n\t<div class=\"vc_col-sm-4 wpb_column vc_column_container  vc_custom_1724153760423\"  data-wow-delay=\"0ms\" data-wow-iteration=\"1\" >\n\t\t<div class=\"wpb_wrapper\">\n\t\t\t[vc_single_image image=&#8221;8870&#8243; img_size=&#8221;full&#8221; css_animation=&#8221;fadeInUp&#8221; css=&#8221;.vc_custom_1725575346553{margin-bottom: 0px !important;}&#8221;]\n\t\t<\/div> <!-- END .wpb_wrapper -->\n\t<\/div> <!-- END  wpb_column vc_column_container  -->\n\n\t<div class=\"vc_col-sm-8 wpb_column vc_column_container \"  data-wow-delay=\"0ms\" data-wow-iteration=\"1\" >\n\t\t<div class=\"wpb_wrapper\">\n\t\t\t[vc_column_text css_animation=&#8221;fadeInUp&#8221; c_id=&#8221;.vc_1491415416578&#8243;]<\/p>\n<p style=\"font-size: 18px; color: #fff; font-weight: 400; line-height: 28px;\"><strong>INVESTIGACI\u00d3N, EDUCACI\u00d3N, INTEGRACI\u00d3N DE COLECCIONES BOT\u00c1NICAS, REPRODUCCI\u00d3N Y CONSERVACI\u00d3N DE LAS ESPECIES VEGETALES EN EL JARD\u00cdN BOT\u00c1NICO REGIONAL\u00a0DE\u00a0CADEREYTA.<\/strong><\/p>\n<p>[\/vc_column_text]\n\t\t<\/div> <!-- END .wpb_wrapper -->\n\t<\/div> <!-- END  wpb_column vc_column_container  -->\n[\/vc_row][vc_row full_width=&#8221;stretch_row_content_no_spaces&#8221; parallax=&#8221;content-moving&#8221; parallax_image=&#8221;7833&#8243; css=&#8221;.vc_custom_1724184522716{margin-bottom: 0px !important;padding-top: 350px !important;padding-bottom: 350px !important;}&#8221;]\n\t<div class=\"vc_col-sm-12 wpb_column vc_column_container  vc_custom_1724144220151\"  data-wow-delay=\"0ms\" data-wow-iteration=\"1\" >\n\t\t<div class=\"wpb_wrapper\">\n\t\t\t\n\t\t<\/div> <!-- END .wpb_wrapper -->\n\t<\/div> <!-- END  wpb_column vc_column_container  -->\n[\/vc_row][vc_row full_width=&#8221;stretch_row_content_no_spaces&#8221; parallax=&#8221;content-moving&#8221; parallax_image=&#8221;7797&#8243; css=&#8221;.vc_custom_1726251484615{padding-bottom: 40px !important;background-image: url(https:\/\/www.vamexico.com\/jb2\/wp-content\/uploads\/2024\/08\/pattern_02.webp?id=7797) !important;}&#8221;]\n\t<div class=\"vc_col-sm-12 wpb_column vc_column_container  vc_custom_1724196907423\"  data-wow-delay=\"0ms\" data-wow-iteration=\"1\" >\n\t\t<div class=\"wpb_wrapper\">\n\t\t\t[vc_row_inner]\n\t<div class=\"vc_col-sm-2 wpb_column vc_column_container  vc_custom_1724184002085\"  data-wow-delay=\"0ms\">\n\t\t<div class=\"wpb_wrapper\">\n\t\t\t\n\t\t<\/div> <!-- END .wpb_wrapper -->\n\t<\/div> <!-- END  wpb_column vc_column_container  -->\n\n\t<div class=\"vc_col-sm-8 sombra-fichas wpb_column vc_column_container  vc_custom_1724184338255\"  data-wow-delay=\"0ms\">\n\t\t<div class=\"wpb_wrapper\">\n\t\t\t[vc_column_text]<\/p>\n<p style=\"font-size: 22px; color: #808080; font-weight: 400; line-height: 32px; text-align: justify;\">El Jard\u00edn Bot\u00e1nico de CONCYTEQ <strong>opera con una gu\u00eda b\u00e1sica y comprehensiva <\/strong>que orientada al cumplimiento eficiente de sus objetivos, representa una ruta cr\u00edtica basada en un mapa conceptual de actividades que articulan el conocimiento cient\u00edfico con el manejo; obteniendo como resultado aportaciones t\u00e9cnicas para el <strong>aprovechamiento sustentable de los recursos vegetales de Quer\u00e9taro<\/strong> y el fomento de una cultura social y responsable para su conservaci\u00f3n.<\/p>\n<p>[\/vc_column_text]\n\t\t<\/div> <!-- END .wpb_wrapper -->\n\t<\/div> <!-- END  sombra-fichas wpb_column vc_column_container  -->\n\n\t<div class=\"vc_col-sm-2 wpb_column vc_column_container \"  data-wow-delay=\"0ms\">\n\t\t<div class=\"wpb_wrapper\">\n\t\t\t\n\t\t<\/div> <!-- END .wpb_wrapper -->\n\t<\/div> <!-- END  wpb_column vc_column_container  -->\n[\/vc_row_inner][vc_row_inner css=&#8221;.vc_custom_1724185107720{padding-bottom: 80px !important;}&#8221;]\n\t<div class=\"vc_col-sm-2 wpb_column vc_column_container  vc_custom_1724184002085\"  data-wow-delay=\"0ms\">\n\t\t<div class=\"wpb_wrapper\">\n\t\t\t\n\t\t<\/div> <!-- END .wpb_wrapper -->\n\t<\/div> <!-- END  wpb_column vc_column_container  -->\n\n\t<div class=\"vc_col-sm-8 sombra-fichas wpb_column vc_column_container  vc_custom_1724184598140\"  data-wow-delay=\"0ms\">\n\t\t<div class=\"wpb_wrapper\">\n\t\t\t[vc_column_text]<\/p>\n<p style=\"font-size: 26px; color: #809a2b; font-weight: 400; line-height: 32px; text-align: center;\"><strong> PROCEDIMIENTO GENERAL PARA EL ESTUDIO Y CONSERVACI\u00d3N DE LA BIODIVERSIDAD VEGETAL DEL ESTADO DE QUER\u00c9TARO\u00a0(JB-02)<\/strong><\/p>\n<p>[\/vc_column_text][vc_separator border_width=&#8221;2&#8243;][vc_column_text]<!-- imagelinks begin -->\n<div id=\"imgl-1-xtu9v\" class=\"imgl-map imgl-map-1 \"data-json-src=\"https:\/\/www.vamexico.com\/jb2\/wp-content\/uploads\/imagelinks\/1\/config.json?ver=1727221093\" data-item-id=\"1\" style=\"display:none;\" >\n<div class=\"imgl-store\">\n<div class=\"imgl-pin imgl-pin-1\" data-id=\"1\">\n<div class=\"imgl-pin-data\">\n<\/div>\n<\/div>\n<div class=\"imgl-pin imgl-pin-2\" data-id=\"2\">\n<div class=\"imgl-pin-data\">\n<\/div>\n<\/div>\n<div class=\"imgl-pin imgl-pin-3\" data-id=\"3\">\n<div class=\"imgl-pin-data\">\n<\/div>\n<\/div>\n<div class=\"imgl-pin imgl-pin-4\" data-id=\"4\">\n<div class=\"imgl-pin-data\">\n<\/div>\n<\/div>\n<div class=\"imgl-pin imgl-pin-5\" data-id=\"5\">\n<div class=\"imgl-pin-data\">\n<\/div>\n<\/div>\n<div class=\"imgl-tt imgl-tt-1\" data-id=\"1\" >\n<p style=\"color: #808080; font-size: 16px; text-align: center; padding: 10px; line-height: 22px\">Determinaci\u00f3n de las especies prioritarias para su estudio y conservaci\u00f3n en el JB.<\/p><\/div>\n<div class=\"imgl-tt imgl-tt-2\" data-id=\"2\" >\n<p style=\"color: #808080; font-size: 16px; text-align: center; padding: 10px; line-height: 22px\">Desarrollo del proyecto de investigaci\u00f3n.<\/p><\/div>\n<div class=\"imgl-tt imgl-tt-3\" data-id=\"3\" >\n<p style=\"color: #808080; font-size: 16px; text-align: center; padding: 10px; line-height: 22px\">Aplicaci\u00f3n de la informaci\u00f3n generada en el proyecto.<\/p><\/div>\n<div class=\"imgl-tt imgl-tt-4\" data-id=\"4\" >\n<p style=\"color: #808080; font-size: 16px; text-align: center; padding: 10px; line-height: 22px\">Desarrollo de estrategias de conservaci\u00f3n y aprovechamiento de la diversidad vegetal del estado.<\/p><\/div>\n<div class=\"imgl-tt imgl-tt-5\" data-id=\"5\" >\n<p style=\"color: #808080; font-size: 16px; text-align: center; padding: 10px; line-height: 22px\">Divulgaci\u00f3n y difusi\u00f3n cient\u00edfica del conocimiento generado.<\/p><\/div>\n<\/div>\n<\/div>\n<!-- imagelinks end -->\n[\/vc_column_text]\n\t\t<\/div> <!-- END .wpb_wrapper -->\n\t<\/div> <!-- END  sombra-fichas wpb_column vc_column_container  -->\n\n\t<div class=\"vc_col-sm-2 wpb_column vc_column_container \"  data-wow-delay=\"0ms\">\n\t\t<div class=\"wpb_wrapper\">\n\t\t\t\n\t\t<\/div> <!-- END .wpb_wrapper -->\n\t<\/div> <!-- END  wpb_column vc_column_container  -->\n[\/vc_row_inner]\n\t\t<\/div> <!-- END .wpb_wrapper -->\n\t<\/div> <!-- END  wpb_column vc_column_container  -->\n[\/vc_row]<\/p>\n","protected":false},"excerpt":{"rendered":"<p>[vc_row full_width=&#8221;stretch_row&#8221; gap=&#8221;30&#8243; content_placement=&#8221;middle&#8221; m_bottom=&#8221;0&#8243; css=&#8221;.vc_custom_1724183495442{margin-bottom: 0px !important;padding-top: 30px !important;padding-bottom: 0px !important;background-color: #809b2b !important;}&#8221;][\/vc_row][vc_row full_width=&#8221;stretch_row_content_no_spaces&#8221; parallax=&#8221;content-moving&#8221; parallax_image=&#8221;7833&#8243; css=&#8221;.vc_custom_1724184522716{margin-bottom: 0px !important;padding-top: 350px !important;padding-bottom: 350px !important;}&#8221;][\/vc_row][vc_row full_width=&#8221;stretch_row_content_no_spaces&#8221; parallax=&#8221;content-moving&#8221; parallax_image=&#8221;7797&#8243; css=&#8221;.vc_custom_1726251484615{padding-bottom: 40px !important;background-image: url(https:\/\/www.vamexico.com\/jb2\/wp-content\/uploads\/2024\/08\/pattern_02.webp?id=7797) !important;}&#8221;][\/vc_row]<\/p>\n","protected":false},"author":1,"featured_media":0,"parent":0,"menu_order":0,"comment_status":"closed","ping_status":"closed","template":"","meta":{"_joinchat":[],"footnotes":""},"class_list":["post-7799","page","type-page","status-publish","hentry"],"_links":{"self":[{"href":"https:\/\/www.vamexico.com\/jb2\/wp-json\/wp\/v2\/pages\/7799","targetHints":{"allow":["GET"]}}],"collection":[{"href":"https:\/\/www.vamexico.com\/jb2\/wp-json\/wp\/v2\/pages"}],"about":[{"href":"https:\/\/www.vamexico.com\/jb2\/wp-json\/wp\/v2\/types\/page"}],"author":[{"embeddable":true,"href":"https:\/\/www.vamexico.com\/jb2\/wp-json\/wp\/v2\/users\/1"}],"replies":[{"embeddable":true,"href":"https:\/\/www.vamexico.com\/jb2\/wp-json\/wp\/v2\/comments?post=7799"}],"version-history":[{"count":10,"href":"https:\/\/www.vamexico.com\/jb2\/wp-json\/wp\/v2\/pages\/7799\/revisions"}],"predecessor-version":[{"id":9585,"href":"https:\/\/www.vamexico.com\/jb2\/wp-json\/wp\/v2\/pages\/7799\/revisions\/9585"}],"wp:attachment":[{"href":"https:\/\/www.vamexico.com\/jb2\/wp-json\/wp\/v2\/media?parent=7799"}],"curies":[{"name":"wp","href":"https:\/\/api.w.org\/{rel}","templated":true}]}}