{"id":8091,"date":"2024-08-20T17:59:42","date_gmt":"2024-08-20T23:59:42","guid":{"rendered":"https:\/\/www.vamexico.com\/jb2\/?page_id=8091"},"modified":"2024-09-18T13:20:53","modified_gmt":"2024-09-18T19:20:53","slug":"horticultura-y-paisajismo","status":"publish","type":"page","link":"https:\/\/www.vamexico.com\/jb2\/horticultura-y-paisajismo\/","title":{"rendered":"Horticultura y Paisajismo"},"content":{"rendered":"<p>[vc_row full_width=&#8221;stretch_row&#8221; m_bottom=&#8221;0&#8243; css=&#8221;.vc_custom_1724198550406{background-color: #f7f7f7 !important;}&#8221;]\n\t<div class=\"vc_col-sm-12 wpb_column vc_column_container  wow animated fadeInUp vc_custom_1725291896030\"  data-wow-delay=\"0ms\" data-wow-iteration=\"1\" >\n\t\t<div class=\"wpb_wrapper\">\n\t\t\t[vc_row_inner el_class=&#8221;sombra-fichas&#8221; css=&#8221;.vc_custom_1724198578996{background-color: #ffffff !important;}&#8221;]\n\t<div class=\"vc_col-sm-4 wpb_column vc_column_container  vc_custom_1724198784758\"  data-wow-delay=\"0ms\">\n\t\t<div class=\"wpb_wrapper\">\n\t\t\t\n\t\t<\/div> <!-- END .wpb_wrapper -->\n\t<\/div> <!-- END  wpb_column vc_column_container  -->\n\n\t<div class=\"vc_col-sm-8 wpb_column vc_column_container  vc_custom_1724198638482\"  data-wow-delay=\"0ms\">\n\t\t<div class=\"wpb_wrapper\">\n\t\t\t[ivan_title title_tag=&#8221;h1&#8243; align=&#8221;left&#8221; animation=&#8221;fadeInUp&#8221; animation_iteration=&#8221;1&#8243; c_id=&#8221;.vc_1724198533018&#8243; title_css=&#8221;color:#809b2b;&#8221;]Horticultura y paisajismo[\/ivan_title][vc_column_text css_animation=&#8221;fadeInUp&#8221; c_id=&#8221;.vc_1491415416578&#8243;]<\/p>\n<p style=\"font-size: 16px; color: #808080; font-weight: 400; line-height: 28px;\"><strong>Para su operaci\u00f3n horticultural,<\/strong> el Jard\u00edn Bot\u00e1nico Regional de Cadereyta re\u00fane los principios biol\u00f3gicos con la<strong> t\u00e9cnica agron\u00f3mica y, al tiempo que cultiva y propaga eficaz y eficiente a las especies nativas de la regi\u00f3n,<\/strong> busca tambi\u00e9n impulsar su conocimiento como valor ecol\u00f3gico y paisaj\u00edstico entre los queretanos. <strong>Ponderar a la naturaleza como infraestructura natural y soporte espiritual<\/strong> para el desarrollo humano integral es un fin ulterior.<\/p>\n<p>[\/vc_column_text]\n\t\t<\/div> <!-- END .wpb_wrapper -->\n\t<\/div> <!-- END  wpb_column vc_column_container  -->\n[\/vc_row_inner]\n\t\t<\/div> <!-- END .wpb_wrapper -->\n\t<\/div> <!-- END  wpb_column vc_column_container  wow animated fadeInUp -->\n[\/vc_row][vc_row full_width=&#8221;stretch_row&#8221; content_placement=&#8221;bottom&#8221; parallax=&#8221;content-moving&#8221; parallax_image=&#8221;8574&#8243; parallax_speed_bg=&#8221;1.3&#8243; m_bottom=&#8221;0&#8243; css=&#8221;.vc_custom_1725300170101{padding-top: 180px !important;padding-bottom: 180px !important;background-image: url(https:\/\/www.vamexico.com\/jb2\/wp-content\/uploads\/2024\/08\/bg-01.jpg?id=7089) !important;}&#8221;]\n\t<div class=\"vc_col-sm-4 wpb_column vc_column_container  wow animated fadeInUp vc_custom_1724192175313\"  data-wow-delay=\"0ms\" data-wow-iteration=\"1\" >\n\t\t<div class=\"wpb_wrapper\">\n\t\t\t[ivan_title title_tag=&#8221;h5&#8243; align=&#8221;left&#8221; animation_iteration=&#8221;1&#8243; c_id=&#8221;.vc_1724198807457&#8243; title_css=&#8221;font-weight:600;color:#ffffff;margin-bottom:0px;&#8221;]Las plantas del Semidesierto son especies a las que se le han denominado Xerofitas, debido, principalmente, a sus capacidades para adaptarse y sobrevivir a condiciones de precipitaci\u00f3n pluvial baja (cerca de 500mm anuales). Como consecuencia de esto, su arquitectura y diversidad de formas son vastas y maravillosas.[\/ivan_title]\n\t\t<\/div> <!-- END .wpb_wrapper -->\n\t<\/div> <!-- END  wpb_column vc_column_container  wow animated fadeInUp -->\n\n\t<div class=\"vc_col-sm-4 wpb_column vc_column_container \"  data-wow-delay=\"0ms\">\n\t\t<div class=\"wpb_wrapper\">\n\t\t\t\n\t\t<\/div> <!-- END .wpb_wrapper -->\n\t<\/div> <!-- END  wpb_column vc_column_container  -->\n\n\t<div class=\"vc_col-sm-4 wpb_column vc_column_container \"  data-wow-delay=\"0ms\">\n\t\t<div class=\"wpb_wrapper\">\n\t\t\t\n\t\t<\/div> <!-- END .wpb_wrapper -->\n\t<\/div> <!-- END  wpb_column vc_column_container  -->\n[\/vc_row][vc_row full_width=&#8221;stretch_row_content_no_spaces&#8221; m_bottom=&#8221;0&#8243; css=&#8221;.vc_custom_1724192843751{background-color: #809b2b !important;}&#8221;]\n\t<div class=\"vc_col-sm-6 wpb_column vc_column_container  wow animated fadeInUp vc_custom_1726685777547\"  data-wow-delay=\"0ms\" data-wow-iteration=\"1\" >\n\t\t<div class=\"wpb_wrapper\">\n\t\t\t[vc_row_inner]\n\t<div class=\"vc_col-sm-12 wpb_column vc_column_container \"  data-wow-delay=\"0ms\">\n\t\t<div class=\"wpb_wrapper\">\n\t\t\t[ivan_promo_box animation_iteration=&#8221;1&#8243; c_id=&#8221;.vc_1726687250581&#8243; header_css=&#8221;font-size:50px;&#8221; css=&#8221;.vc_custom_1726687250580{padding-top: 280px !important;padding-bottom: 280px !important;background: rgba(17,17,17,0.4) url(https:\/\/www.vamexico.com\/jb2\/wp-content\/uploads\/2024\/09\/Horticultura-y-paisajismo.webp?id=9526) !important;*background-color: rgb(17,17,17) !important;}&#8221; el_class=&#8221;bg-horticultura&#8221;][\/ivan_promo_box]\n\t\t<\/div> <!-- END .wpb_wrapper -->\n\t<\/div> <!-- END  wpb_column vc_column_container  -->\n[\/vc_row_inner]\n\t\t<\/div> <!-- END .wpb_wrapper -->\n\t<\/div> <!-- END  wpb_column vc_column_container  wow animated fadeInUp -->\n\n\t<div class=\"vc_col-sm-6 wpb_column vc_column_container  wow animated fadeInUp vc_custom_1725291918310\"  data-wow-delay=\"100ms\" data-wow-iteration=\"1\" >\n\t\t<div class=\"wpb_wrapper\">\n\t\t\t[vc_column_text css_animation=&#8221;fadeInUp&#8221; c_id=&#8221;.vc_1491415416578&#8243; css=&#8221;.vc_custom_1725969067132{margin-top: 0px !important;}&#8221;]<\/p>\n<p style=\"font-size: 20px; color: #ffffff; font-weight: 400; line-height: 28px;\">El valor paisaj\u00edstico de las Xer\u00f3fitas es notable y se acent\u00faa ante la necesidad humana de contar con \u00e1reas jardinadas cuya exigencia de agua sea acorde con las tasas de precipitaci\u00f3n pluvial locales y con previsiones que debemos de implementar para la sanidad de nuestro vital manto acu\u00edfero, dada la crisis del cambio clim\u00e1tico que la humanidad enfrenta.<\/p>\n<p style=\"font-size: 20px; color: #ffffff; font-weight: 400; line-height: 28px;\">Hierbas, arbustos y \u00e1rboles Xer\u00f3filos son elementos de gran belleza que merecen una oportunidad en nuestros jardines y cuentan con el don de llevarnos a explorar nuevas experiencias en esta hist\u00f3rica y bien avenida dupla: plantas y gente.<\/p>\n<p>[\/vc_column_text]\n\t\t<\/div> <!-- END .wpb_wrapper -->\n\t<\/div> <!-- END  wpb_column vc_column_container  wow animated fadeInUp -->\n[\/vc_row][vc_row full_width=&#8221;stretch_row&#8221; gap=&#8221;35&#8243; content_placement=&#8221;middle&#8221; m_bottom=&#8221;0&#8243; css=&#8221;.vc_custom_1725399973002{padding-top: 490px !important;padding-bottom: 90px !important;background: #f7f7f7 url(https:\/\/www.vamexico.com\/jb2\/wp-content\/uploads\/2024\/09\/Vegetacion-del-Valle-de-Queretaro-Restauracion-editada-scaled.jpg?id=8692) !important;background-position: center !important;background-repeat: no-repeat !important;background-size: cover !important;}&#8221;]\n\t<div class=\"vc_col-sm-2 wpb_column vc_column_container  wow animated fadeInUp\"  data-wow-delay=\"0ms\" data-wow-iteration=\"1\" >\n\t\t<div class=\"wpb_wrapper\">\n\t\t\t\n\t\t<\/div> <!-- END .wpb_wrapper -->\n\t<\/div> <!-- END  wpb_column vc_column_container  wow animated fadeInUp -->\n\n\t<div class=\"vc_col-sm-8 sombra-fichas wpb_column vc_column_container  vc_custom_1725579802812\"  data-wow-delay=\"0ms\" data-wow-iteration=\"1\" >\n\t\t<div class=\"wpb_wrapper\">\n\t\t\t[vc_row_inner]\n\t<div class=\"vc_col-sm-6 wpb_column vc_column_container  vc_custom_1725579485568\"  data-wow-delay=\"0ms\">\n\t\t<div class=\"wpb_wrapper\">\n\t\t\t[vc_single_image image=&#8221;8909&#8243; img_size=&#8221;full&#8221; alignment=&#8221;right&#8221; css_animation=&#8221;fadeInUp&#8221; css=&#8221;.vc_custom_1725579730026{margin-left: 0px !important;padding-left: 0px !important;}&#8221;]\n\t\t<\/div> <!-- END .wpb_wrapper -->\n\t<\/div> <!-- END  wpb_column vc_column_container  -->\n\n\t<div class=\"vc_col-sm-6 wpb_column vc_column_container  vc_custom_1725579536737\"  data-wow-delay=\"0ms\">\n\t\t<div class=\"wpb_wrapper\">\n\t\t\t[vc_column_text css_animation=&#8221;fadeInUp&#8221; c_id=&#8221;.vc_1491415416578&#8243;]<\/p>\n<p style=\"font-size: 18px; color: #808080; font-weight: 400; line-height: 30px;\">Bajo esta narrativa, y con la generaci\u00f3n de protocolos de propagaci\u00f3n e informaci\u00f3n para el cultivo de las especies del Semidesierto, el Jard\u00edn Bot\u00e1nico Regional de Cadereyta buscar\u00e1 siempre abonar a un cambio de paradigma sobre el uso de las plantas nativas en nuestros paisajes urbanos p\u00fablicos y dom\u00e9sticos.<\/p>\n<p>[\/vc_column_text]\n\t\t<\/div> <!-- END .wpb_wrapper -->\n\t<\/div> <!-- END  wpb_column vc_column_container  -->\n[\/vc_row_inner]\n\t\t<\/div> <!-- END .wpb_wrapper -->\n\t<\/div> <!-- END  sombra-fichas wpb_column vc_column_container  -->\n\n\t<div class=\"vc_col-sm-2 wpb_column vc_column_container \"  data-wow-delay=\"0ms\">\n\t\t<div class=\"wpb_wrapper\">\n\t\t\t\n\t\t<\/div> <!-- END .wpb_wrapper -->\n\t<\/div> <!-- END  wpb_column vc_column_container  -->\n[\/vc_row]<\/p>\n","protected":false},"excerpt":{"rendered":"<p>[vc_row full_width=&#8221;stretch_row&#8221; m_bottom=&#8221;0&#8243; css=&#8221;.vc_custom_1724198550406{background-color: #f7f7f7 !important;}&#8221;][\/vc_row][vc_row full_width=&#8221;stretch_row&#8221; content_placement=&#8221;bottom&#8221; parallax=&#8221;content-moving&#8221; parallax_image=&#8221;8574&#8243; parallax_speed_bg=&#8221;1.3&#8243; m_bottom=&#8221;0&#8243; css=&#8221;.vc_custom_1725300170101{padding-top: 180px !important;padding-bottom: 180px !important;background-image: url(https:\/\/www.vamexico.com\/jb2\/wp-content\/uploads\/2024\/08\/bg-01.jpg?id=7089) !important;}&#8221;][\/vc_row][vc_row full_width=&#8221;stretch_row_content_no_spaces&#8221; m_bottom=&#8221;0&#8243; css=&#8221;.vc_custom_1724192843751{background-color: #809b2b !important;}&#8221;][\/vc_row][vc_row full_width=&#8221;stretch_row&#8221; gap=&#8221;35&#8243; content_placement=&#8221;middle&#8221; m_bottom=&#8221;0&#8243; css=&#8221;.vc_custom_1725399973002{padding-top: 490px !important;padding-bottom: 90px !important;background: #f7f7f7 url(https:\/\/www.vamexico.com\/jb2\/wp-content\/uploads\/2024\/09\/Vegetacion-del-Valle-de-Queretaro-Restauracion-editada-scaled.jpg?id=8692) !important;background-position: center !important;background-repeat: no-repeat !important;background-size: cover !important;}&#8221;][\/vc_row]<\/p>\n","protected":false},"author":1,"featured_media":0,"parent":0,"menu_order":0,"comment_status":"closed","ping_status":"closed","template":"","meta":{"_joinchat":[],"footnotes":""},"class_list":["post-8091","page","type-page","status-publish","hentry"],"_links":{"self":[{"href":"https:\/\/www.vamexico.com\/jb2\/wp-json\/wp\/v2\/pages\/8091","targetHints":{"allow":["GET"]}}],"collection":[{"href":"https:\/\/www.vamexico.com\/jb2\/wp-json\/wp\/v2\/pages"}],"about":[{"href":"https:\/\/www.vamexico.com\/jb2\/wp-json\/wp\/v2\/types\/page"}],"author":[{"embeddable":true,"href":"https:\/\/www.vamexico.com\/jb2\/wp-json\/wp\/v2\/users\/1"}],"replies":[{"embeddable":true,"href":"https:\/\/www.vamexico.com\/jb2\/wp-json\/wp\/v2\/comments?post=8091"}],"version-history":[{"count":11,"href":"https:\/\/www.vamexico.com\/jb2\/wp-json\/wp\/v2\/pages\/8091\/revisions"}],"predecessor-version":[{"id":9527,"href":"https:\/\/www.vamexico.com\/jb2\/wp-json\/wp\/v2\/pages\/8091\/revisions\/9527"}],"wp:attachment":[{"href":"https:\/\/www.vamexico.com\/jb2\/wp-json\/wp\/v2\/media?parent=8091"}],"curies":[{"name":"wp","href":"https:\/\/api.w.org\/{rel}","templated":true}]}}

<p>[vc_row full_width=&#8221;stretch_row&#8221; m_bottom=&#8221;0&#8243; css=&#8221;.vc_custom_1724198550406{background-color: #f7f7f7 !important;}&#8221;]
	<div class="vc_col-sm-12 wpb_column vc_column_container  wow animated fadeInUp vc_custom_1725291896030"  data-wow-delay="0ms" data-wow-iteration="1" >
		<div class="wpb_wrapper">
			[vc_row_inner el_class=&#8221;sombra-fichas&#8221; css=&#8221;.vc_custom_1724198578996{background-color: #ffffff !important;}&#8221;]
	<div class="vc_col-sm-4 wpb_column vc_column_container  vc_custom_1724198784758"  data-wow-delay="0ms">
		<div class="wpb_wrapper">
			
		</div> <!-- END .wpb_wrapper -->
	</div> <!-- END  wpb_column vc_column_container  -->

	<div class="vc_col-sm-8 wpb_column vc_column_container  vc_custom_1724198638482"  data-wow-delay="0ms">
		<div class="wpb_wrapper">
			[ivan_title title_tag=&#8221;h1&#8243; align=&#8221;left&#8221; animation=&#8221;fadeInUp&#8221; animation_iteration=&#8221;1&#8243; c_id=&#8221;.vc_1724198533018&#8243; title_css=&#8221;color:#809b2b;&#8221;]Horticultura y paisajismo[/ivan_title][vc_column_text css_animation=&#8221;fadeInUp&#8221; c_id=&#8221;.vc_1491415416578&#8243;]</p>
<p style="font-size: 16px; color: #808080; font-weight: 400; line-height: 28px;"><strong>Para su operación horticultural,</strong> el Jardín Botánico Regional de Cadereyta reúne los principios biológicos con la<strong> técnica agronómica y, al tiempo que cultiva y propaga eficaz y eficiente a las especies nativas de la región,</strong> busca también impulsar su conocimiento como valor ecológico y paisajístico entre los queretanos. <strong>Ponderar a la naturaleza como infraestructura natural y soporte espiritual</strong> para el desarrollo humano integral es un fin ulterior.</p>
<p>[/vc_column_text]
		</div> <!-- END .wpb_wrapper -->
	</div> <!-- END  wpb_column vc_column_container  -->
[/vc_row_inner]
		</div> <!-- END .wpb_wrapper -->
	</div> <!-- END  wpb_column vc_column_container  wow animated fadeInUp -->
[/vc_row][vc_row full_width=&#8221;stretch_row&#8221; content_placement=&#8221;bottom&#8221; parallax=&#8221;content-moving&#8221; parallax_image=&#8221;8574&#8243; parallax_speed_bg=&#8221;1.3&#8243; m_bottom=&#8221;0&#8243; css=&#8221;.vc_custom_1725300170101{padding-top: 180px !important;padding-bottom: 180px !important;background-image: url(https://www.vamexico.com/jb2/wp-content/uploads/2024/08/bg-01.jpg?id=7089) !important;}&#8221;]
	<div class="vc_col-sm-4 wpb_column vc_column_container  wow animated fadeInUp vc_custom_1724192175313"  data-wow-delay="0ms" data-wow-iteration="1" >
		<div class="wpb_wrapper">
			[ivan_title title_tag=&#8221;h5&#8243; align=&#8221;left&#8221; animation_iteration=&#8221;1&#8243; c_id=&#8221;.vc_1724198807457&#8243; title_css=&#8221;font-weight:600;color:#ffffff;margin-bottom:0px;&#8221;]Las plantas del Semidesierto son especies a las que se le han denominado Xerofitas, debido, principalmente, a sus capacidades para adaptarse y sobrevivir a condiciones de precipitación pluvial baja (cerca de 500mm anuales). Como consecuencia de esto, su arquitectura y diversidad de formas son vastas y maravillosas.[/ivan_title]
		</div> <!-- END .wpb_wrapper -->
	</div> <!-- END  wpb_column vc_column_container  wow animated fadeInUp -->

	<div class="vc_col-sm-4 wpb_column vc_column_container "  data-wow-delay="0ms">
		<div class="wpb_wrapper">
			
		</div> <!-- END .wpb_wrapper -->
	</div> <!-- END  wpb_column vc_column_container  -->

	<div class="vc_col-sm-4 wpb_column vc_column_container "  data-wow-delay="0ms">
		<div class="wpb_wrapper">
			
		</div> <!-- END .wpb_wrapper -->
	</div> <!-- END  wpb_column vc_column_container  -->
[/vc_row][vc_row full_width=&#8221;stretch_row_content_no_spaces&#8221; m_bottom=&#8221;0&#8243; css=&#8221;.vc_custom_1724192843751{background-color: #809b2b !important;}&#8221;]
	<div class="vc_col-sm-6 wpb_column vc_column_container  wow animated fadeInUp vc_custom_1726685777547"  data-wow-delay="0ms" data-wow-iteration="1" >
		<div class="wpb_wrapper">
			[vc_row_inner]
	<div class="vc_col-sm-12 wpb_column vc_column_container "  data-wow-delay="0ms">
		<div class="wpb_wrapper">
			[ivan_promo_box animation_iteration=&#8221;1&#8243; c_id=&#8221;.vc_1726687250581&#8243; header_css=&#8221;font-size:50px;&#8221; css=&#8221;.vc_custom_1726687250580{padding-top: 280px !important;padding-bottom: 280px !important;background: rgba(17,17,17,0.4) url(https://www.vamexico.com/jb2/wp-content/uploads/2024/09/Horticultura-y-paisajismo.webp?id=9526) !important;*background-color: rgb(17,17,17) !important;}&#8221; el_class=&#8221;bg-horticultura&#8221;][/ivan_promo_box]
		</div> <!-- END .wpb_wrapper -->
	</div> <!-- END  wpb_column vc_column_container  -->
[/vc_row_inner]
		</div> <!-- END .wpb_wrapper -->
	</div> <!-- END  wpb_column vc_column_container  wow animated fadeInUp -->

	<div class="vc_col-sm-6 wpb_column vc_column_container  wow animated fadeInUp vc_custom_1725291918310"  data-wow-delay="100ms" data-wow-iteration="1" >
		<div class="wpb_wrapper">
			[vc_column_text css_animation=&#8221;fadeInUp&#8221; c_id=&#8221;.vc_1491415416578&#8243; css=&#8221;.vc_custom_1725969067132{margin-top: 0px !important;}&#8221;]</p>
<p style="font-size: 20px; color: #ffffff; font-weight: 400; line-height: 28px;">El valor paisajístico de las Xerófitas es notable y se acentúa ante la necesidad humana de contar con áreas jardinadas cuya exigencia de agua sea acorde con las tasas de precipitación pluvial locales y con previsiones que debemos de implementar para la sanidad de nuestro vital manto acuífero, dada la crisis del cambio climático que la humanidad enfrenta.</p>
<p style="font-size: 20px; color: #ffffff; font-weight: 400; line-height: 28px;">Hierbas, arbustos y árboles Xerófilos son elementos de gran belleza que merecen una oportunidad en nuestros jardines y cuentan con el don de llevarnos a explorar nuevas experiencias en esta histórica y bien avenida dupla: plantas y gente.</p>
<p>[/vc_column_text]
		</div> <!-- END .wpb_wrapper -->
	</div> <!-- END  wpb_column vc_column_container  wow animated fadeInUp -->
[/vc_row][vc_row full_width=&#8221;stretch_row&#8221; gap=&#8221;35&#8243; content_placement=&#8221;middle&#8221; m_bottom=&#8221;0&#8243; css=&#8221;.vc_custom_1725399973002{padding-top: 490px !important;padding-bottom: 90px !important;background: #f7f7f7 url(https://www.vamexico.com/jb2/wp-content/uploads/2024/09/Vegetacion-del-Valle-de-Queretaro-Restauracion-editada-scaled.jpg?id=8692) !important;background-position: center !important;background-repeat: no-repeat !important;background-size: cover !important;}&#8221;]
	<div class="vc_col-sm-2 wpb_column vc_column_container  wow animated fadeInUp"  data-wow-delay="0ms" data-wow-iteration="1" >
		<div class="wpb_wrapper">
			
		</div> <!-- END .wpb_wrapper -->
	</div> <!-- END  wpb_column vc_column_container  wow animated fadeInUp -->

	<div class="vc_col-sm-8 sombra-fichas wpb_column vc_column_container  vc_custom_1725579802812"  data-wow-delay="0ms" data-wow-iteration="1" >
		<div class="wpb_wrapper">
			[vc_row_inner]
	<div class="vc_col-sm-6 wpb_column vc_column_container  vc_custom_1725579485568"  data-wow-delay="0ms">
		<div class="wpb_wrapper">
			[vc_single_image image=&#8221;8909&#8243; img_size=&#8221;full&#8221; alignment=&#8221;right&#8221; css_animation=&#8221;fadeInUp&#8221; css=&#8221;.vc_custom_1725579730026{margin-left: 0px !important;padding-left: 0px !important;}&#8221;]
		</div> <!-- END .wpb_wrapper -->
	</div> <!-- END  wpb_column vc_column_container  -->

	<div class="vc_col-sm-6 wpb_column vc_column_container  vc_custom_1725579536737"  data-wow-delay="0ms">
		<div class="wpb_wrapper">
			[vc_column_text css_animation=&#8221;fadeInUp&#8221; c_id=&#8221;.vc_1491415416578&#8243;]</p>
<p style="font-size: 18px; color: #808080; font-weight: 400; line-height: 30px;">Bajo esta narrativa, y con la generación de protocolos de propagación e información para el cultivo de las especies del Semidesierto, el Jardín Botánico Regional de Cadereyta buscará siempre abonar a un cambio de paradigma sobre el uso de las plantas nativas en nuestros paisajes urbanos públicos y domésticos.</p>
<p>[/vc_column_text]
		</div> <!-- END .wpb_wrapper -->
	</div> <!-- END  wpb_column vc_column_container  -->
[/vc_row_inner]
		</div> <!-- END .wpb_wrapper -->
	</div> <!-- END  sombra-fichas wpb_column vc_column_container  -->

	<div class="vc_col-sm-2 wpb_column vc_column_container "  data-wow-delay="0ms">
		<div class="wpb_wrapper">
			
		</div> <!-- END .wpb_wrapper -->
	</div> <!-- END  wpb_column vc_column_container  -->
[/vc_row]</p>
