{"id":8254,"date":"2024-08-21T23:29:34","date_gmt":"2024-08-22T05:29:34","guid":{"rendered":"https:\/\/www.vamexico.com\/jb2\/?page_id=8254"},"modified":"2024-09-20T11:59:22","modified_gmt":"2024-09-20T17:59:22","slug":"agenda-tu-visita","status":"publish","type":"page","link":"https:\/\/www.vamexico.com\/jb2\/agenda-tu-visita\/","title":{"rendered":"Agenda tu visita"},"content":{"rendered":"<p>[vc_section full_width=&#8221;stretch_row&#8221; css=&#8221;.vc_custom_1726854809853{background-color: #eaeeef !important;}&#8221; el_id=&#8221;amigos-y-familia&#8221;][vc_row full_width=&#8221;stretch_row_content_no_spaces&#8221; css=&#8221;.vc_custom_1726854803709{margin-top: 40px !important;margin-bottom: 40px !important;}&#8221;]\n\t<div class=\"vc_col-sm-2 wpb_column vc_column_container \"  data-wow-delay=\"0ms\" data-wow-iteration=\"1\" >\n\t\t<div class=\"wpb_wrapper\">\n\t\t\t\n\t\t<\/div> <!-- END .wpb_wrapper -->\n\t<\/div> <!-- END  wpb_column vc_column_container  -->\n\n\t<div class=\"vc_col-sm-8 sombra-fichas wpb_column vc_column_container  wow animated fadeIn vc_custom_1726114046096\"  data-wow-delay=\"0ms\" data-wow-iteration=\"1\" >\n\t\t<div class=\"wpb_wrapper\">\n\t\t\t[vc_row_inner gap=&#8221;35&#8243;]\n\t<div class=\"vc_col-sm-6 wpb_column vc_column_container \"  data-wow-delay=\"0ms\">\n\t\t<div class=\"wpb_wrapper\">\n\t\t\t[vc_single_image image=&#8221;7098&#8243; img_size=&#8221;full&#8221; css_animation=&#8221;fadeInUp&#8221;]\n\t\t<\/div> <!-- END .wpb_wrapper -->\n\t<\/div> <!-- END  wpb_column vc_column_container  -->\n\n\t<div class=\"vc_col-sm-6 wpb_column vc_column_container \"  data-wow-delay=\"0ms\">\n\t\t<div class=\"wpb_wrapper\">\n\t\t\t[ivan_title title_tag=&#8221;h2&#8243; align=&#8221;left&#8221; animation=&#8221;fadeInUp&#8221; animation_iteration=&#8221;1&#8243; c_id=&#8221;.vc_1724307357361&#8243; title_css=&#8221;color:#618012;margin-bottom:40px;&#8221;]AMIGOS Y FAMILIA[\/ivan_title][vc_column_text css_animation=&#8221;fadeInUp&#8221; c_id=&#8221;.vc_1491415416578&#8243; css=&#8221;.vc_custom_1726113703535{margin-top: -30px !important;}&#8221;]<\/p>\n<ul>\n<li style=\"font-size: 18px; color: #808080; font-weight: 400; line-height: 28px;\">Ll\u00e9nate de la paz de la naturaleza y aprende m\u00e1s de ella tomando un recorrido guiado por la colecci\u00f3n bot\u00e1nica.<\/li>\n<li style=\"font-size: 18px; color: #808080; font-weight: 400; line-height: 28px;\">Ad\u00e9ntrate en los senderos silvestres interpretados y admira la flora y fauna silvestres del Semidesierto.<\/li>\n<li style=\"font-size: 18px; color: #808080; font-weight: 400; line-height: 28px;\">Fortalece tu conciencia natural\u00edstica y visita la Unidad de Propagaci\u00f3n, ah\u00ed podr\u00e1s adoptar plantas nativas propagadas artificialmente.<\/li>\n<\/ul>\n<p>[\/vc_column_text][ivan_button link=&#8221;https:\/\/www.vamexico.com\/jb2\/reglamento-del-jardin-botanico\/&#8221; border_r=&#8221;square&#8221; align=&#8221;to-left&#8221; animation=&#8221;fadeInUp&#8221; animation_iteration=&#8221;1&#8243; c_id=&#8221;.vc_1726113921629&#8243; btn_css=&#8221;color:#ffffff;background-color:#80a32b;background-color-hover:#4e681c;border-top-width:0px;border-bottom-width:0px;border-left-width:0px;border-right-width:0px;&#8221; el_class=&#8221;text-btn btn-visita&#8221;]REGLAMENTO[\/ivan_button][ivan_button link=&#8221;https:\/\/wa.link\/6ri1v1&#8243; target=&#8221;yes&#8221; border_r=&#8221;square&#8221; align=&#8221;to-left&#8221; animation=&#8221;fadeInUp&#8221; animation_iteration=&#8221;1&#8243; c_id=&#8221;.vc_1726113825090&#8243; btn_css=&#8221;color:#ffffff;background-color:#4e681c;background-color-hover:#80a32b;border-top-width:0px;border-bottom-width:0px;border-left-width:0px;border-right-width:0px;&#8221; el_class=&#8221;text-btn&#8221;]AGENDA AQU\u00cd[\/ivan_button][vc_column_text el_id=&#8221;escuela-universidad&#8221;][\/vc_column_text]\n\t\t<\/div> <!-- END .wpb_wrapper -->\n\t<\/div> <!-- END  wpb_column vc_column_container  -->\n[\/vc_row_inner]\n\t\t<\/div> <!-- END .wpb_wrapper -->\n\t<\/div> <!-- END  sombra-fichas wpb_column vc_column_container  wow animated fadeIn -->\n\n\t<div class=\"vc_col-sm-2 wpb_column vc_column_container \"  data-wow-delay=\"0ms\">\n\t\t<div class=\"wpb_wrapper\">\n\t\t\t\n\t\t<\/div> <!-- END .wpb_wrapper -->\n\t<\/div> <!-- END  wpb_column vc_column_container  -->\n[\/vc_row][vc_row full_width=&#8221;stretch_row_content_no_spaces&#8221; css=&#8221;.vc_custom_1726854869353{margin-top: 40px !important;margin-bottom: 40px !important;}&#8221;]\n\t<div class=\"vc_col-sm-2 wpb_column vc_column_container \"  data-wow-delay=\"0ms\" data-wow-iteration=\"1\" >\n\t\t<div class=\"wpb_wrapper\">\n\t\t\t\n\t\t<\/div> <!-- END .wpb_wrapper -->\n\t<\/div> <!-- END  wpb_column vc_column_container  -->\n\n\t<div class=\"vc_col-sm-8 sombra-fichas wpb_column vc_column_container  wow animated fadeIn vc_custom_1726114090353\"  data-wow-delay=\"0ms\" data-wow-iteration=\"1\" >\n\t\t<div class=\"wpb_wrapper\">\n\t\t\t[vc_row_inner gap=&#8221;35&#8243;]\n\t<div class=\"vc_col-sm-6 wpb_column vc_column_container \"  data-wow-delay=\"0ms\">\n\t\t<div class=\"wpb_wrapper\">\n\t\t\t[vc_single_image image=&#8221;7097&#8243; img_size=&#8221;full&#8221; css_animation=&#8221;fadeInUp&#8221;]\n\t\t<\/div> <!-- END .wpb_wrapper -->\n\t<\/div> <!-- END  wpb_column vc_column_container  -->\n\n\t<div class=\"vc_col-sm-6 wpb_column vc_column_container \"  data-wow-delay=\"0ms\">\n\t\t<div class=\"wpb_wrapper\">\n\t\t\t[ivan_title title_tag=&#8221;h2&#8243; align=&#8221;left&#8221; animation=&#8221;fadeInUp&#8221; animation_iteration=&#8221;1&#8243; c_id=&#8221;.vc_1724307524676&#8243; title_css=&#8221;color:#618012;margin-bottom:40px;&#8221;] CON TU ESCUELA O UNIVERSIDAD[\/ivan_title][vc_column_text css_animation=&#8221;fadeInUp&#8221; c_id=&#8221;.vc_1491415416578&#8243; css=&#8221;.vc_custom_1726113735439{margin-top: -30px !important;}&#8221;]<\/p>\n<ul>\n<li style=\"font-size: 18px; color: #808080; font-weight: 400; line-height: 28px;\">Recorran los escenarios de aprendizaje del Jard\u00edn Bot\u00e1nico con unos de nuestros gu\u00edas capacitados del Equipo de Atenci\u00f3n al p\u00fablico.<\/li>\n<li style=\"font-size: 18px; color: #808080; font-weight: 400; line-height: 28px;\">Te ofrecemos temas ambientales espec\u00edficos, pl\u00e1ticas, talleres y conferencia, orientados a diferentes p\u00fablicos, que contribuir\u00e1 a sus objetivos espec\u00edficos de aprendizaje.<\/li>\n<li style=\"font-size: 18px; color: #808080; font-weight: 400; line-height: 28px;\">La Unidad de Propagaci\u00f3n es un imperdible en tu visita grupal, conocer\u00e1s el valor de la propagaci\u00f3n, y si es de tu inter\u00e9s, adopten uno o varios de nuestros ejemplares reproducidos en la \u201cf\u00e1brica de plantas\u201d.<\/li>\n<\/ul>\n<p>[\/vc_column_text][ivan_button link=&#8221;https:\/\/www.vamexico.com\/jb2\/reglamento-del-jardin-botanico\/&#8221; border_r=&#8221;square&#8221; align=&#8221;to-left&#8221; animation=&#8221;fadeInUp&#8221; animation_iteration=&#8221;1&#8243; c_id=&#8221;.vc_1726113964000&#8243; btn_css=&#8221;color:#ffffff;background-color:#80a32b;background-color-hover:#4e681c;border-top-width:0px;border-bottom-width:0px;border-left-width:0px;border-right-width:0px;&#8221; el_class=&#8221;text-btn btn-visita&#8221;]REGLAMENTO[\/ivan_button][ivan_button link=&#8221;https:\/\/wa.link\/6ri1v1&#8243; target=&#8221;yes&#8221; border_r=&#8221;square&#8221; align=&#8221;to-left&#8221; animation=&#8221;fadeInUp&#8221; animation_iteration=&#8221;1&#8243; c_id=&#8221;.vc_1726113972144&#8243; btn_css=&#8221;color:#ffffff;background-color:#4e681c;background-color-hover:#80a32b;border-top-width:0px;border-bottom-width:0px;border-left-width:0px;border-right-width:0px;&#8221; el_class=&#8221;text-btn&#8221;]AGENDA AQU\u00cd[\/ivan_button][vc_column_text el_id=&#8221;grupo-club&#8221;][\/vc_column_text]\n\t\t<\/div> <!-- END .wpb_wrapper -->\n\t<\/div> <!-- END  wpb_column vc_column_container  -->\n[\/vc_row_inner]\n\t\t<\/div> <!-- END .wpb_wrapper -->\n\t<\/div> <!-- END  sombra-fichas wpb_column vc_column_container  wow animated fadeIn -->\n\n\t<div class=\"vc_col-sm-2 wpb_column vc_column_container \"  data-wow-delay=\"0ms\">\n\t\t<div class=\"wpb_wrapper\">\n\t\t\t\n\t\t<\/div> <!-- END .wpb_wrapper -->\n\t<\/div> <!-- END  wpb_column vc_column_container  -->\n[\/vc_row][vc_row full_width=&#8221;stretch_row_content_no_spaces&#8221; css=&#8221;.vc_custom_1726854943617{margin-top: 40px !important;margin-bottom: 40px !important;}&#8221;]\n\t<div class=\"vc_col-sm-2 wpb_column vc_column_container \"  data-wow-delay=\"0ms\" data-wow-iteration=\"1\" >\n\t\t<div class=\"wpb_wrapper\">\n\t\t\t\n\t\t<\/div> <!-- END .wpb_wrapper -->\n\t<\/div> <!-- END  wpb_column vc_column_container  -->\n\n\t<div class=\"vc_col-sm-8 sombra-fichas wpb_column vc_column_container  wow animated fadeIn vc_custom_1726114099011\"  data-wow-delay=\"0ms\" data-wow-iteration=\"1\" >\n\t\t<div class=\"wpb_wrapper\">\n\t\t\t[vc_row_inner gap=&#8221;35&#8243;]\n\t<div class=\"vc_col-sm-6 wpb_column vc_column_container \"  data-wow-delay=\"0ms\">\n\t\t<div class=\"wpb_wrapper\">\n\t\t\t[vc_single_image image=&#8221;7096&#8243; img_size=&#8221;full&#8221; css_animation=&#8221;fadeInUp&#8221;]\n\t\t<\/div> <!-- END .wpb_wrapper -->\n\t<\/div> <!-- END  wpb_column vc_column_container  -->\n\n\t<div class=\"vc_col-sm-6 wpb_column vc_column_container \"  data-wow-delay=\"0ms\">\n\t\t<div class=\"wpb_wrapper\">\n\t\t\t[ivan_title title_tag=&#8221;h2&#8243; align=&#8221;left&#8221; animation=&#8221;fadeInUp&#8221; animation_iteration=&#8221;1&#8243; c_id=&#8221;.vc_1726179297241&#8243; title_css=&#8221;color:#618012;margin-bottom:40px;&#8221;]CON TU GRUPO O CLUB[\/ivan_title][vc_column_text css_animation=&#8221;fadeInUp&#8221; c_id=&#8221;.vc_1491415416578&#8243; css=&#8221;.vc_custom_1726114216950{margin-top: -30px !important;}&#8221;]<\/p>\n<ul>\n<li style=\"font-size: 18px; color: #808080; font-weight: 400; line-height: 28px;\">Visiten el Jard\u00edn Bot\u00e1nico y escuchen nuestro mensaje sobre la conservaci\u00f3n con tu grupo de amigos o club.<\/li>\n<li style=\"font-size: 18px; color: #808080; font-weight: 400; line-height: 28px;\">Disfruten de una caminata por los senderos empedrados de la extensa \u00e1rea silvestre y experimenten de manera activa las manifestaciones naturales del Semidesierto.<\/li>\n<li style=\"font-size: 18px; color: #808080; font-weight: 400; line-height: 28px;\">Si su inter\u00e9s es el arte, no olvides transitar por la <strong><a href=\"https:\/\/www.vamexico.com\/jb2\/plantas-y-arte\/\">Ruta de los Murales<\/a><\/strong>, sin lugar a duda te har\u00e1 conectar con la belleza esc\u00e9nica de la biodiversidad queretana.<\/li>\n<\/ul>\n<p>[\/vc_column_text][ivan_button link=&#8221;https:\/\/www.vamexico.com\/jb2\/reglamento-del-jardin-botanico\/&#8221; border_r=&#8221;square&#8221; align=&#8221;to-left&#8221; animation=&#8221;fadeInUp&#8221; animation_iteration=&#8221;1&#8243; c_id=&#8221;.vc_1726113985985&#8243; btn_css=&#8221;color:#ffffff;background-color:#80a32b;background-color-hover:#4e681c;border-top-width:0px;border-bottom-width:0px;border-left-width:0px;border-right-width:0px;&#8221; el_class=&#8221;text-btn btn-visita&#8221;]REGLAMENTO[\/ivan_button][ivan_button link=&#8221;https:\/\/wa.link\/6ri1v1&#8243; target=&#8221;yes&#8221; border_r=&#8221;square&#8221; align=&#8221;to-left&#8221; animation=&#8221;fadeInUp&#8221; animation_iteration=&#8221;1&#8243; c_id=&#8221;.vc_1726113992358&#8243; btn_css=&#8221;color:#ffffff;background-color:#4e681c;background-color-hover:#80a32b;border-top-width:0px;border-bottom-width:0px;border-left-width:0px;border-right-width:0px;&#8221; el_class=&#8221;text-btn&#8221;]AGENDA AQU\u00cd[\/ivan_button]\n\t\t<\/div> <!-- END .wpb_wrapper -->\n\t<\/div> <!-- END  wpb_column vc_column_container  -->\n[\/vc_row_inner][vc_row_inner gap=&#8221;35&#8243;]\n\t<div class=\"vc_col-sm-6 wpb_column vc_column_container \"  data-wow-delay=\"0ms\">\n\t\t<div class=\"wpb_wrapper\">\n\t\t\t\n\t\t<\/div> <!-- END .wpb_wrapper -->\n\t<\/div> <!-- END  wpb_column vc_column_container  -->\n\n\t<div class=\"vc_col-sm-6 wpb_column vc_column_container \"  data-wow-delay=\"0ms\">\n\t\t<div class=\"wpb_wrapper\">\n\t\t\t\n\t\t<\/div> <!-- END .wpb_wrapper -->\n\t<\/div> <!-- END  wpb_column vc_column_container  -->\n[\/vc_row_inner]\n\t\t<\/div> <!-- END .wpb_wrapper -->\n\t<\/div> <!-- END  sombra-fichas wpb_column vc_column_container  wow animated fadeIn -->\n\n\t<div class=\"vc_col-sm-2 wpb_column vc_column_container \"  data-wow-delay=\"0ms\">\n\t\t<div class=\"wpb_wrapper\">\n\t\t\t\n\t\t<\/div> <!-- END .wpb_wrapper -->\n\t<\/div> <!-- END  wpb_column vc_column_container  -->\n[\/vc_row][\/vc_section]<\/p>\n","protected":false},"excerpt":{"rendered":"<p>[vc_section full_width=&#8221;stretch_row&#8221; css=&#8221;.vc_custom_1726854809853{background-color: #eaeeef !important;}&#8221; el_id=&#8221;amigos-y-familia&#8221;][vc_row full_width=&#8221;stretch_row_content_no_spaces&#8221; css=&#8221;.vc_custom_1726854803709{margin-top: 40px !important;margin-bottom: 40px !important;}&#8221;][\/vc_row][vc_row full_width=&#8221;stretch_row_content_no_spaces&#8221; css=&#8221;.vc_custom_1726854869353{margin-top: 40px !important;margin-bottom: 40px !important;}&#8221;][\/vc_row][vc_row full_width=&#8221;stretch_row_content_no_spaces&#8221; css=&#8221;.vc_custom_1726854943617{margin-top: 40px !important;margin-bottom: 40px !important;}&#8221;][\/vc_row][\/vc_section]<\/p>\n","protected":false},"author":1,"featured_media":0,"parent":0,"menu_order":0,"comment_status":"closed","ping_status":"closed","template":"","meta":{"_joinchat":[],"footnotes":""},"class_list":["post-8254","page","type-page","status-publish","hentry"],"_links":{"self":[{"href":"https:\/\/www.vamexico.com\/jb2\/wp-json\/wp\/v2\/pages\/8254","targetHints":{"allow":["GET"]}}],"collection":[{"href":"https:\/\/www.vamexico.com\/jb2\/wp-json\/wp\/v2\/pages"}],"about":[{"href":"https:\/\/www.vamexico.com\/jb2\/wp-json\/wp\/v2\/types\/page"}],"author":[{"embeddable":true,"href":"https:\/\/www.vamexico.com\/jb2\/wp-json\/wp\/v2\/users\/1"}],"replies":[{"embeddable":true,"href":"https:\/\/www.vamexico.com\/jb2\/wp-json\/wp\/v2\/comments?post=8254"}],"version-history":[{"count":10,"href":"https:\/\/www.vamexico.com\/jb2\/wp-json\/wp\/v2\/pages\/8254\/revisions"}],"predecessor-version":[{"id":9536,"href":"https:\/\/www.vamexico.com\/jb2\/wp-json\/wp\/v2\/pages\/8254\/revisions\/9536"}],"wp:attachment":[{"href":"https:\/\/www.vamexico.com\/jb2\/wp-json\/wp\/v2\/media?parent=8254"}],"curies":[{"name":"wp","href":"https:\/\/api.w.org\/{rel}","templated":true}]}}