{"id":8351,"date":"2024-08-22T01:58:05","date_gmt":"2024-08-22T07:58:05","guid":{"rendered":"https:\/\/www.vamexico.com\/jb2\/?page_id=8351"},"modified":"2024-09-20T11:51:10","modified_gmt":"2024-09-20T17:51:10","slug":"fundacion","status":"publish","type":"page","link":"https:\/\/www.vamexico.com\/jb2\/fundacion\/","title":{"rendered":"Fundaci\u00f3n"},"content":{"rendered":"<p>[vc_row full_width=&#8221;stretch_row&#8221; gap=&#8221;35&#8243; content_placement=&#8221;middle&#8221; m_bottom=&#8221;0&#8243; css=&#8221;.vc_custom_1724314793176{padding-top: 80px !important;background-image: url(https:\/\/www.vamexico.com\/jb2\/wp-content\/uploads\/2024\/08\/pattern_02.webp?id=7797) !important;}&#8221;]\n\t<div class=\"vc_col-sm-6 wpb_column vc_column_container  vc_custom_1724314768606\"  data-wow-delay=\"0ms\" data-wow-iteration=\"1\" >\n\t\t<div class=\"wpb_wrapper\">\n\t\t\t[vc_single_image image=&#8221;8361&#8243; img_size=&#8221;full&#8221; css_animation=&#8221;fadeInUp&#8221;][vc_column_text css_animation=&#8221;fadeInUp&#8221; c_id=&#8221;.vc_1491415416578&#8243;]<\/p>\n<p style=\"font-size: 20px; color: #000000; font-weight: 400; line-height: 28px; text-align: right;\"><strong>Dr. Gabriel Siade Barquet, Director fundador del CONCYTEQ y del Jard\u00edn Bot\u00e1nico Regional de Cadereyta, en la inauguraci\u00f3n; lo acompa\u00f1an el Ing. Manuel Gonz\u00e1lez de Cos\u00edo y el Lic. Mariano Palacios Alcocer.<\/strong><\/p>\n<p>[\/vc_column_text][ivan_title title_tag=&#8221;h2&#8243; align=&#8221;right&#8221; animation=&#8221;fadeInUp&#8221; animation_iteration=&#8221;1&#8243; c_id=&#8221;.vc_1724314161559&#8243; title_css=&#8221;color:#809b2b;margin-bottom:0px;&#8221;]EL JARD\u00cdN BOT\u00c1NICO REGIONAL DE CADEREYTA SE FUND\u00d3 EL[\/ivan_title][ivan_title title_tag=&#8221;h2&#8243; align=&#8221;right&#8221; animation=&#8221;fadeInUp&#8221; animation_iteration=&#8221;1&#8243; c_id=&#8221;.vc_1724314023560&#8243; title_css=&#8221;color:#000000;&#8221; subtitle_css=&#8221;margin-bottom:30px;&#8221;]25 DE ABRIL DE 1991[\/ivan_title]\n\t\t<\/div> <!-- END .wpb_wrapper -->\n\t<\/div> <!-- END  wpb_column vc_column_container  -->\n\n\t<div class=\"vc_col-sm-6 vc_col-md-offset-0 vc_col-md-6 vc_col-sm-offset-1 vc_hidden-xs wpb_column vc_column_container  vc_custom_1724314733461\"  data-wow-delay=\"0ms\" data-wow-iteration=\"1\" >\n\t\t<div class=\"wpb_wrapper\">\n\t\t\t[vc_single_image image=&#8221;7328&#8243; img_size=&#8221;full&#8221; css_animation=&#8221;fadeInUp&#8221; css=&#8221;.vc_custom_1724314543240{margin-top: 140px !important;margin-bottom: 40px !important;}&#8221;][ivan_title title_tag=&#8221;h2&#8243; align=&#8221;left&#8221; animation=&#8221;fadeInUp&#8221; animation_iteration=&#8221;1&#8243; c_id=&#8221;.vc_1724314029055&#8243; title_css=&#8221;color:#000000;&#8221; subtitle_css=&#8221;margin-bottom:30px;&#8221;]17 DE DICIEMBRE DE 1989[\/ivan_title][vc_column_text css_animation=&#8221;fadeInUp&#8221; c_id=&#8221;.vc_1491415416578&#8243;]<\/p>\n<p style=\"font-size: 20px; color: #808080; font-weight: 400; line-height: 28px;\">Fue gracias a una visionaria iniciativa del Consejo de Ciencia y Tecnolog\u00eda del Estado de Quer\u00e9taro (CONCYTEQ) que, con la firma de un convenio con el Ejido de Las Fuentes y Pueblo Nuevo, el 25 de abril de 1991 se fund\u00f3 el Jard\u00edn Bot\u00e1nico Regional de Cadereyta en la poblaci\u00f3n de Cadereyta de Montes del estado de Quer\u00e9taro.<\/p>\n<p>[\/vc_column_text][vc_single_image image=&#8221;8362&#8243; img_size=&#8221;full&#8221; css_animation=&#8221;fadeInUp&#8221; css=&#8221;.vc_custom_1724314555846{margin-top: 40px !important;}&#8221;][vc_column_text css_animation=&#8221;fadeInUp&#8221; c_id=&#8221;.vc_1491415416578&#8243; css=&#8221;.vc_custom_1724314799259{margin-bottom: 60px !important;}&#8221;]<\/p>\n<p style=\"font-size: 26px; color: #000; font-weight: 400; line-height: 34px;\"><strong>Presentaci\u00f3n del proyecto por el M. en C. Crist\u00f3bal Orozco Ledesma<\/strong><\/p>\n<p>[\/vc_column_text]\n\t\t<\/div> <!-- END .wpb_wrapper -->\n\t<\/div> <!-- END  wpb_column vc_column_container  -->\n[\/vc_row][vc_row full_width=&#8221;stretch_row_content&#8221; gap=&#8221;35&#8243; equal_height=&#8221;yes&#8221; content_placement=&#8221;middle&#8221; m_bottom=&#8221;0&#8243; css=&#8221;.vc_custom_1724315313536{padding-right: 0px !important;padding-left: 0px !important;background-color: #809b2b !important;}&#8221;]\n\t<div class=\"vc_col-sm-6 wpb_column vc_column_container  vc_custom_1724315448901\"  data-wow-delay=\"0ms\" data-wow-iteration=\"1\" >\n\t\t<div class=\"wpb_wrapper\">\n\t\t\t[vc_single_image image=&#8221;8376&#8243; img_size=&#8221;full&#8221; alignment=&#8221;right&#8221; css_animation=&#8221;fadeInUp&#8221; css=&#8221;.vc_custom_1724315474182{margin-top: -180px !important;margin-bottom: 0px !important;}&#8221;][vc_column_text css_animation=&#8221;fadeInUp&#8221; c_id=&#8221;.vc_1491415416578&#8243; css=&#8221;.vc_custom_1724315419237{margin-left: 120px !important;}&#8221;]<\/p>\n<p style=\"font-size: 20px; color: #ffffff; font-weight: 400; line-height: 28px; text-align: right;\">Durante el acto inaugural se dedic\u00f3 el sitio al <strong>Ing. Manuel Gonz\u00e1lez de Cos\u00edo, Gobernador del Estado de Quer\u00e9taro (1962 a 1967),<\/strong> por haber auspiciado una estaci\u00f3n experimental en aquellos a\u00f1os, en este mismo lugar, y por impulsar los estudios que permitieron la publicaci\u00f3n de la primera <strong>\u201cFlora del estado de Quer\u00e9taro\u201d,<\/strong> compendiada por Ignacio Pi\u00f1a Luj\u00e1n (1967).; adem\u00e1s de su biofilia de la que emanaron obras diversas como \u201cEspecies vegetales de importancia econ\u00f3mica para M\u00e9xico\u201d (1984).<\/p>\n<p>[\/vc_column_text]\n\t\t<\/div> <!-- END .wpb_wrapper -->\n\t<\/div> <!-- END  wpb_column vc_column_container  -->\n\n\t<div class=\"vc_col-sm-6 wpb_column vc_column_container  vc_custom_1726854667215\"  data-wow-delay=\"0ms\" data-wow-iteration=\"1\" >\n\t\t<div class=\"wpb_wrapper\">\n\t\t\t\n\t\t<\/div> <!-- END .wpb_wrapper -->\n\t<\/div> <!-- END  wpb_column vc_column_container  -->\n[\/vc_row][vc_row full_width=&#8221;stretch_row&#8221; gap=&#8221;35&#8243; content_placement=&#8221;middle&#8221; m_bottom=&#8221;0&#8243; css=&#8221;.vc_custom_1724315667939{background-image: url(https:\/\/www.vamexico.com\/jb2\/wp-content\/uploads\/2024\/08\/pattern_02.webp?id=7797) !important;}&#8221;]\n\t<div class=\"vc_col-sm-6 wpb_column vc_column_container  vc_custom_1724316031074\"  data-wow-delay=\"0ms\" data-wow-iteration=\"1\" >\n\t\t<div class=\"wpb_wrapper\">\n\t\t\t[vc_row_inner gap=&#8221;35&#8243;]\n\t<div class=\"vc_col-sm-6 wpb_column vc_column_container \"  data-wow-delay=\"0ms\">\n\t\t<div class=\"wpb_wrapper\">\n\t\t\t[vc_single_image image=&#8221;8392&#8243; img_size=&#8221;full&#8221; css_animation=&#8221;fadeInUp&#8221;]\n\t\t<\/div> <!-- END .wpb_wrapper -->\n\t<\/div> <!-- END  wpb_column vc_column_container  -->\n\n\t<div class=\"vc_col-sm-6 wpb_column vc_column_container \"  data-wow-delay=\"0ms\">\n\t\t<div class=\"wpb_wrapper\">\n\t\t\t[vc_single_image image=&#8221;8391&#8243; img_size=&#8221;full&#8221; css_animation=&#8221;fadeInUp&#8221;]\n\t\t<\/div> <!-- END .wpb_wrapper -->\n\t<\/div> <!-- END  wpb_column vc_column_container  -->\n[\/vc_row_inner][vc_column_text css_animation=&#8221;fadeInUp&#8221; c_id=&#8221;.vc_1491415416578&#8243;]<\/p>\n<p style=\"font-size: 30px; color: #000000; font-weight: 400; line-height: 28px; text-align: right;\"><strong>A partir de 2003,<\/strong><\/p>\n<p>[\/vc_column_text][vc_column_text css_animation=&#8221;fadeInUp&#8221; c_id=&#8221;.vc_1491415416578&#8243; css=&#8221;.vc_custom_1724316138162{margin-left: 120px !important;}&#8221;]<\/p>\n<p style=\"font-size: 20px; color: #808080; font-weight: 400; line-height: 28px; text-align: right;\">bajo la batuta del <strong>Ing. Emiliano S\u00e1nchez Mart\u00ednez,<\/strong> la estrategia del proyecto se sustent\u00f3 en un conjunto de instrumentos de planeaci\u00f3n org\u00e1nicos que, alineados con los marcos nacionales y estatales que comprenden <strong>la biodiversidad, la ciencia y la tecnolog\u00eda,<\/strong> generaron el elemento fundamental que hoy impulsa de la Misi\u00f3n del Jard\u00edn Bot\u00e1nico Regional de Cadereyta.<\/p>\n<p>[\/vc_column_text]\n\t\t<\/div> <!-- END .wpb_wrapper -->\n\t<\/div> <!-- END  wpb_column vc_column_container  -->\n\n\t<div class=\"vc_col-sm-6 vc_col-md-offset-0 vc_col-md-6 vc_col-sm-offset-1 vc_hidden-xs wpb_column vc_column_container  vc_custom_1724315676524\"  data-wow-delay=\"0ms\" data-wow-iteration=\"1\" >\n\t\t<div class=\"wpb_wrapper\">\n\t\t\t[vc_column_text css_animation=&#8221;fadeInUp&#8221; c_id=&#8221;.vc_1491415416578&#8243;]<\/p>\n<p style=\"font-size: 20px; color: #808080; font-weight: 400; line-height: 28px;\">Las palabras emitidas en el naciente Jard\u00edn Bot\u00e1nico presagiaban su valor para <strong>vincular a las personas del mundo con este sitio y a este sitio con las personas del mundo.<\/strong><\/p>\n<p>[\/vc_column_text][vc_single_image image=&#8221;8388&#8243; img_size=&#8221;full&#8221; css_animation=&#8221;fadeInUp&#8221; css=&#8221;.vc_custom_1724315630236{margin-top: 40px !important;}&#8221;][vc_column_text css_animation=&#8221;fadeInUp&#8221; c_id=&#8221;.vc_1491415416578&#8243; css=&#8221;.vc_custom_1724315590166{margin-bottom: 60px !important;}&#8221;]<\/p>\n<p style=\"font-size: 26px; color: #000; font-weight: 400; line-height: 34px;\"><strong>Ing. Emiliano S\u00e1nchez Mart\u00ednez, Director del Jard\u00edn Bot\u00e1nico Regional de Cadereyta 2003-actual<\/strong><\/p>\n<p>[\/vc_column_text]\n\t\t<\/div> <!-- END .wpb_wrapper -->\n\t<\/div> <!-- END  wpb_column vc_column_container  -->\n[\/vc_row][vc_section full_width=&#8221;stretch_row&#8221; css=&#8221;.vc_custom_1724316216753{padding-top: 340px !important;padding-bottom: 340px !important;background-image: url(https:\/\/www.vamexico.com\/jb2\/wp-content\/uploads\/2024\/08\/jbrc-historia-foto-08.png?id=8394) !important;background-position: center !important;background-repeat: no-repeat !important;background-size: cover !important;}&#8221;][\/vc_section]<\/p>\n","protected":false},"excerpt":{"rendered":"<p>[vc_row full_width=&#8221;stretch_row&#8221; gap=&#8221;35&#8243; content_placement=&#8221;middle&#8221; m_bottom=&#8221;0&#8243; css=&#8221;.vc_custom_1724314793176{padding-top: 80px !important;background-image: url(https:\/\/www.vamexico.com\/jb2\/wp-content\/uploads\/2024\/08\/pattern_02.webp?id=7797) !important;}&#8221;][\/vc_row][vc_row full_width=&#8221;stretch_row_content&#8221; gap=&#8221;35&#8243; equal_height=&#8221;yes&#8221; content_placement=&#8221;middle&#8221; m_bottom=&#8221;0&#8243; css=&#8221;.vc_custom_1724315313536{padding-right: 0px !important;padding-left: 0px !important;background-color: #809b2b !important;}&#8221;][\/vc_row][vc_row full_width=&#8221;stretch_row&#8221; gap=&#8221;35&#8243; content_placement=&#8221;middle&#8221; m_bottom=&#8221;0&#8243; css=&#8221;.vc_custom_1724315667939{background-image: url(https:\/\/www.vamexico.com\/jb2\/wp-content\/uploads\/2024\/08\/pattern_02.webp?id=7797) !important;}&#8221;][\/vc_row][vc_section full_width=&#8221;stretch_row&#8221; css=&#8221;.vc_custom_1724316216753{padding-top: 340px !important;padding-bottom: 340px !important;background-image: url(https:\/\/www.vamexico.com\/jb2\/wp-content\/uploads\/2024\/08\/jbrc-historia-foto-08.png?id=8394) !important;background-position: center !important;background-repeat: no-repeat !important;background-size: cover !important;}&#8221;][\/vc_section]<\/p>\n","protected":false},"author":1,"featured_media":0,"parent":0,"menu_order":0,"comment_status":"closed","ping_status":"closed","template":"","meta":{"_joinchat":[],"footnotes":""},"class_list":["post-8351","page","type-page","status-publish","hentry"],"_links":{"self":[{"href":"https:\/\/www.vamexico.com\/jb2\/wp-json\/wp\/v2\/pages\/8351","targetHints":{"allow":["GET"]}}],"collection":[{"href":"https:\/\/www.vamexico.com\/jb2\/wp-json\/wp\/v2\/pages"}],"about":[{"href":"https:\/\/www.vamexico.com\/jb2\/wp-json\/wp\/v2\/types\/page"}],"author":[{"embeddable":true,"href":"https:\/\/www.vamexico.com\/jb2\/wp-json\/wp\/v2\/users\/1"}],"replies":[{"embeddable":true,"href":"https:\/\/www.vamexico.com\/jb2\/wp-json\/wp\/v2\/comments?post=8351"}],"version-history":[{"count":11,"href":"https:\/\/www.vamexico.com\/jb2\/wp-json\/wp\/v2\/pages\/8351\/revisions"}],"predecessor-version":[{"id":9532,"href":"https:\/\/www.vamexico.com\/jb2\/wp-json\/wp\/v2\/pages\/8351\/revisions\/9532"}],"wp:attachment":[{"href":"https:\/\/www.vamexico.com\/jb2\/wp-json\/wp\/v2\/media?parent=8351"}],"curies":[{"name":"wp","href":"https:\/\/api.w.org\/{rel}","templated":true}]}}

Fundación

<p>[vc_row full_width=&#8221;stretch_row&#8221; gap=&#8221;35&#8243; content_placement=&#8221;middle&#8221; m_bottom=&#8221;0&#8243; css=&#8221;.vc_custom_1724314793176{padding-top: 80px !important;background-image: url(https://www.vamexico.com/jb2/wp-content/uploads/2024/08/pattern_02.webp?id=7797) !important;}&#8221;]
	<div class="vc_col-sm-6 wpb_column vc_column_container  vc_custom_1724314768606"  data-wow-delay="0ms" data-wow-iteration="1" >
		<div class="wpb_wrapper">
			[vc_single_image image=&#8221;8361&#8243; img_size=&#8221;full&#8221; css_animation=&#8221;fadeInUp&#8221;][vc_column_text css_animation=&#8221;fadeInUp&#8221; c_id=&#8221;.vc_1491415416578&#8243;]</p>
<p style="font-size: 20px; color: #000000; font-weight: 400; line-height: 28px; text-align: right;"><strong>Dr. Gabriel Siade Barquet, Director fundador del CONCYTEQ y del Jardín Botánico Regional de Cadereyta, en la inauguración; lo acompañan el Ing. Manuel González de Cosío y el Lic. Mariano Palacios Alcocer.</strong></p>
<p>[/vc_column_text][ivan_title title_tag=&#8221;h2&#8243; align=&#8221;right&#8221; animation=&#8221;fadeInUp&#8221; animation_iteration=&#8221;1&#8243; c_id=&#8221;.vc_1724314161559&#8243; title_css=&#8221;color:#809b2b;margin-bottom:0px;&#8221;]EL JARDÍN BOTÁNICO REGIONAL DE CADEREYTA SE FUNDÓ EL[/ivan_title][ivan_title title_tag=&#8221;h2&#8243; align=&#8221;right&#8221; animation=&#8221;fadeInUp&#8221; animation_iteration=&#8221;1&#8243; c_id=&#8221;.vc_1724314023560&#8243; title_css=&#8221;color:#000000;&#8221; subtitle_css=&#8221;margin-bottom:30px;&#8221;]25 DE ABRIL DE 1991[/ivan_title]
		</div> <!-- END .wpb_wrapper -->
	</div> <!-- END  wpb_column vc_column_container  -->

	<div class="vc_col-sm-6 vc_col-md-offset-0 vc_col-md-6 vc_col-sm-offset-1 vc_hidden-xs wpb_column vc_column_container  vc_custom_1724314733461"  data-wow-delay="0ms" data-wow-iteration="1" >
		<div class="wpb_wrapper">
			[vc_single_image image=&#8221;7328&#8243; img_size=&#8221;full&#8221; css_animation=&#8221;fadeInUp&#8221; css=&#8221;.vc_custom_1724314543240{margin-top: 140px !important;margin-bottom: 40px !important;}&#8221;][ivan_title title_tag=&#8221;h2&#8243; align=&#8221;left&#8221; animation=&#8221;fadeInUp&#8221; animation_iteration=&#8221;1&#8243; c_id=&#8221;.vc_1724314029055&#8243; title_css=&#8221;color:#000000;&#8221; subtitle_css=&#8221;margin-bottom:30px;&#8221;]17 DE DICIEMBRE DE 1989[/ivan_title][vc_column_text css_animation=&#8221;fadeInUp&#8221; c_id=&#8221;.vc_1491415416578&#8243;]</p>
<p style="font-size: 20px; color: #808080; font-weight: 400; line-height: 28px;">Fue gracias a una visionaria iniciativa del Consejo de Ciencia y Tecnología del Estado de Querétaro (CONCYTEQ) que, con la firma de un convenio con el Ejido de Las Fuentes y Pueblo Nuevo, el 25 de abril de 1991 se fundó el Jardín Botánico Regional de Cadereyta en la población de Cadereyta de Montes del estado de Querétaro.</p>
<p>[/vc_column_text][vc_single_image image=&#8221;8362&#8243; img_size=&#8221;full&#8221; css_animation=&#8221;fadeInUp&#8221; css=&#8221;.vc_custom_1724314555846{margin-top: 40px !important;}&#8221;][vc_column_text css_animation=&#8221;fadeInUp&#8221; c_id=&#8221;.vc_1491415416578&#8243; css=&#8221;.vc_custom_1724314799259{margin-bottom: 60px !important;}&#8221;]</p>
<p style="font-size: 26px; color: #000; font-weight: 400; line-height: 34px;"><strong>Presentación del proyecto por el M. en C. Cristóbal Orozco Ledesma</strong></p>
<p>[/vc_column_text]
		</div> <!-- END .wpb_wrapper -->
	</div> <!-- END  wpb_column vc_column_container  -->
[/vc_row][vc_row full_width=&#8221;stretch_row_content&#8221; gap=&#8221;35&#8243; equal_height=&#8221;yes&#8221; content_placement=&#8221;middle&#8221; m_bottom=&#8221;0&#8243; css=&#8221;.vc_custom_1724315313536{padding-right: 0px !important;padding-left: 0px !important;background-color: #809b2b !important;}&#8221;]
	<div class="vc_col-sm-6 wpb_column vc_column_container  vc_custom_1724315448901"  data-wow-delay="0ms" data-wow-iteration="1" >
		<div class="wpb_wrapper">
			[vc_single_image image=&#8221;8376&#8243; img_size=&#8221;full&#8221; alignment=&#8221;right&#8221; css_animation=&#8221;fadeInUp&#8221; css=&#8221;.vc_custom_1724315474182{margin-top: -180px !important;margin-bottom: 0px !important;}&#8221;][vc_column_text css_animation=&#8221;fadeInUp&#8221; c_id=&#8221;.vc_1491415416578&#8243; css=&#8221;.vc_custom_1724315419237{margin-left: 120px !important;}&#8221;]</p>
<p style="font-size: 20px; color: #ffffff; font-weight: 400; line-height: 28px; text-align: right;">Durante el acto inaugural se dedicó el sitio al <strong>Ing. Manuel González de Cosío, Gobernador del Estado de Querétaro (1962 a 1967),</strong> por haber auspiciado una estación experimental en aquellos años, en este mismo lugar, y por impulsar los estudios que permitieron la publicación de la primera <strong>“Flora del estado de Querétaro”,</strong> compendiada por Ignacio Piña Luján (1967).; además de su biofilia de la que emanaron obras diversas como “Especies vegetales de importancia económica para México” (1984).</p>
<p>[/vc_column_text]
		</div> <!-- END .wpb_wrapper -->
	</div> <!-- END  wpb_column vc_column_container  -->

	<div class="vc_col-sm-6 wpb_column vc_column_container  vc_custom_1726854667215"  data-wow-delay="0ms" data-wow-iteration="1" >
		<div class="wpb_wrapper">
			
		</div> <!-- END .wpb_wrapper -->
	</div> <!-- END  wpb_column vc_column_container  -->
[/vc_row][vc_row full_width=&#8221;stretch_row&#8221; gap=&#8221;35&#8243; content_placement=&#8221;middle&#8221; m_bottom=&#8221;0&#8243; css=&#8221;.vc_custom_1724315667939{background-image: url(https://www.vamexico.com/jb2/wp-content/uploads/2024/08/pattern_02.webp?id=7797) !important;}&#8221;]
	<div class="vc_col-sm-6 wpb_column vc_column_container  vc_custom_1724316031074"  data-wow-delay="0ms" data-wow-iteration="1" >
		<div class="wpb_wrapper">
			[vc_row_inner gap=&#8221;35&#8243;]
	<div class="vc_col-sm-6 wpb_column vc_column_container "  data-wow-delay="0ms">
		<div class="wpb_wrapper">
			[vc_single_image image=&#8221;8392&#8243; img_size=&#8221;full&#8221; css_animation=&#8221;fadeInUp&#8221;]
		</div> <!-- END .wpb_wrapper -->
	</div> <!-- END  wpb_column vc_column_container  -->

	<div class="vc_col-sm-6 wpb_column vc_column_container "  data-wow-delay="0ms">
		<div class="wpb_wrapper">
			[vc_single_image image=&#8221;8391&#8243; img_size=&#8221;full&#8221; css_animation=&#8221;fadeInUp&#8221;]
		</div> <!-- END .wpb_wrapper -->
	</div> <!-- END  wpb_column vc_column_container  -->
[/vc_row_inner][vc_column_text css_animation=&#8221;fadeInUp&#8221; c_id=&#8221;.vc_1491415416578&#8243;]</p>
<p style="font-size: 30px; color: #000000; font-weight: 400; line-height: 28px; text-align: right;"><strong>A partir de 2003,</strong></p>
<p>[/vc_column_text][vc_column_text css_animation=&#8221;fadeInUp&#8221; c_id=&#8221;.vc_1491415416578&#8243; css=&#8221;.vc_custom_1724316138162{margin-left: 120px !important;}&#8221;]</p>
<p style="font-size: 20px; color: #808080; font-weight: 400; line-height: 28px; text-align: right;">bajo la batuta del <strong>Ing. Emiliano Sánchez Martínez,</strong> la estrategia del proyecto se sustentó en un conjunto de instrumentos de planeación orgánicos que, alineados con los marcos nacionales y estatales que comprenden <strong>la biodiversidad, la ciencia y la tecnología,</strong> generaron el elemento fundamental que hoy impulsa de la Misión del Jardín Botánico Regional de Cadereyta.</p>
<p>[/vc_column_text]
		</div> <!-- END .wpb_wrapper -->
	</div> <!-- END  wpb_column vc_column_container  -->

	<div class="vc_col-sm-6 vc_col-md-offset-0 vc_col-md-6 vc_col-sm-offset-1 vc_hidden-xs wpb_column vc_column_container  vc_custom_1724315676524"  data-wow-delay="0ms" data-wow-iteration="1" >
		<div class="wpb_wrapper">
			[vc_column_text css_animation=&#8221;fadeInUp&#8221; c_id=&#8221;.vc_1491415416578&#8243;]</p>
<p style="font-size: 20px; color: #808080; font-weight: 400; line-height: 28px;">Las palabras emitidas en el naciente Jardín Botánico presagiaban su valor para <strong>vincular a las personas del mundo con este sitio y a este sitio con las personas del mundo.</strong></p>
<p>[/vc_column_text][vc_single_image image=&#8221;8388&#8243; img_size=&#8221;full&#8221; css_animation=&#8221;fadeInUp&#8221; css=&#8221;.vc_custom_1724315630236{margin-top: 40px !important;}&#8221;][vc_column_text css_animation=&#8221;fadeInUp&#8221; c_id=&#8221;.vc_1491415416578&#8243; css=&#8221;.vc_custom_1724315590166{margin-bottom: 60px !important;}&#8221;]</p>
<p style="font-size: 26px; color: #000; font-weight: 400; line-height: 34px;"><strong>Ing. Emiliano Sánchez Martínez, Director del Jardín Botánico Regional de Cadereyta 2003-actual</strong></p>
<p>[/vc_column_text]
		</div> <!-- END .wpb_wrapper -->
	</div> <!-- END  wpb_column vc_column_container  -->
[/vc_row][vc_section full_width=&#8221;stretch_row&#8221; css=&#8221;.vc_custom_1724316216753{padding-top: 340px !important;padding-bottom: 340px !important;background-image: url(https://www.vamexico.com/jb2/wp-content/uploads/2024/08/jbrc-historia-foto-08.png?id=8394) !important;background-position: center !important;background-repeat: no-repeat !important;background-size: cover !important;}&#8221;][/vc_section]</p>
